CRAN Package Check Results for Package amt

Last updated on 2019-09-19 14:46:41 CEST.

Flavor Version Tinstall Tcheck Ttotal Status Flags
r-devel-linux-x86_64-debian-clang 0.0.6 49.22 197.99 247.21 WARN
r-devel-linux-x86_64-debian-gcc 0.0.6 40.11 151.75 191.86 WARN
r-devel-linux-x86_64-fedora-clang 0.0.6 337.74 WARN
r-devel-linux-x86_64-fedora-gcc 0.0.6 325.50 WARN
r-devel-windows-ix86+x86_64 0.0.6 132.00 421.00 553.00 WARN
r-patched-linux-x86_64 0.0.6 40.80 188.46 229.26 WARN
r-patched-solaris-x86 0.0.6 419.40 WARN
r-release-linux-x86_64 0.0.6 43.66 189.88 233.54 WARN
r-release-windows-ix86+x86_64 0.0.6 83.00 290.00 373.00 WARN
r-release-osx-x86_64 0.0.6 NOTE
r-oldrel-windows-ix86+x86_64 0.0.6 76.00 246.00 322.00 WARN
r-oldrel-osx-x86_64 0.0.6 NOTE

Check Details

Version: 0.0.6
Check: re-building of vignette outputs
Result: WARN
    Error(s) in re-building vignettes:
     ...
    --- re-building 'p1_getting_started.Rmd' using rmarkdown
    
    Attaching package: 'dplyr'
    
    The following objects are masked from 'package:stats':
    
     filter, lag
    
    The following objects are masked from 'package:base':
    
     intersect, setdiff, setequal, union
    
    
    Attaching package: 'amt'
    
    The following object is masked from 'package:stats':
    
     filter
    
    Warning: `data_frame()` is deprecated, use `tibble()`.
    This warning is displayed once per session.
    .t missing, creating `track_xy`.
    Quitting from lines 237-242 (p1_getting_started.Rmd)
    Error: processing vignette 'p1_getting_started.Rmd' failed with diagnostics:
    `.data` is a corrupt grouped_df, the `"groups"` attribute must be a data frame
    --- failed re-building 'p1_getting_started.Rmd'
    
    --- re-building 'p4_SSF.Rmd' using rmarkdown
    
    Attaching package: 'lubridate'
    
    The following object is masked from 'package:base':
    
     date
    
    Loading required package: sp
    
    Attaching package: 'amt'
    
    The following object is masked from 'package:raster':
    
     select
    
    The following object is masked from 'package:sp':
    
     bbox
    
    The following object is masked from 'package:stats':
    
     filter
    
    Warning in random_steps.steps_xy(., n = 15) :
     Step-lengths or turning angles contained NA, which were removed.
    Warning in random_steps.steps_xy(., n = 15) :
     Step-lengths or turning angles contained NA, which were removed.
    --- finished re-building 'p4_SSF.Rmd'
    
    SUMMARY: processing the following file failed:
     'p1_getting_started.Rmd'
    
    Error: Vignette re-building failed.
    Execution halted
Flavors: r-devel-linux-x86_64-debian-clang, r-devel-linux-x86_64-debian-gcc, r-patched-linux-x86_64, r-release-linux-x86_64

Version: 0.0.6
Check: dependencies in R code
Result: NOTE
    Namespaces in Imports field not imported from:
     ‘Rcpp’ ‘magrittr’
     All declared Imports should be used.
Flavors: r-devel-linux-x86_64-fedora-clang, r-devel-linux-x86_64-fedora-gcc, r-patched-solaris-x86, r-release-osx-x86_64, r-oldrel-osx-x86_64

Version: 0.0.6
Check: re-building of vignette outputs
Result: WARN
    Error(s) in re-building vignettes:
    --- re-building ‘p1_getting_started.Rmd’ using rmarkdown
    
    Attaching package: 'dplyr'
    
    The following objects are masked from 'package:stats':
    
     filter, lag
    
    The following objects are masked from 'package:base':
    
     intersect, setdiff, setequal, union
    
    
    Attaching package: 'amt'
    
    The following object is masked from 'package:stats':
    
     filter
    
    Warning: `data_frame()` is deprecated, use `tibble()`.
    This warning is displayed once per session.
    .t missing, creating `track_xy`.
    Quitting from lines 237-242 (p1_getting_started.Rmd)
    Error: processing vignette 'p1_getting_started.Rmd' failed with diagnostics:
    `.data` is a corrupt grouped_df, the `"groups"` attribute must be a data frame
    --- failed re-building ‘p1_getting_started.Rmd’
    
    --- re-building ‘p4_SSF.Rmd’ using rmarkdown
    
    Attaching package: 'lubridate'
    
    The following object is masked from 'package:base':
    
     date
    
    Loading required package: sp
    
    Attaching package: 'amt'
    
    The following object is masked from 'package:raster':
    
     select
    
    The following object is masked from 'package:sp':
    
     bbox
    
    The following object is masked from 'package:stats':
    
     filter
    
    Warning in random_steps.steps_xy(., n = 15) :
     Step-lengths or turning angles contained NA, which were removed.
    Warning in random_steps.steps_xy(., n = 15) :
     Step-lengths or turning angles contained NA, which were removed.
    --- finished re-building ‘p4_SSF.Rmd’
    
    SUMMARY: processing the following file failed:
     ‘p1_getting_started.Rmd’
    
    Error: Vignette re-building failed.
    Execution halted
Flavors: r-devel-linux-x86_64-fedora-clang, r-devel-linux-x86_64-fedora-gcc, r-devel-windows-ix86+x86_64, r-release-windows-ix86+x86_64

Version: 0.0.6
Check: re-building of vignette outputs
Result: WARN
    Error(s) in re-building vignettes:
     ...
    --- re-building ‘p1_getting_started.Rmd’ using rmarkdown
    Warning in engine$weave(file, quiet = quiet, encoding = enc) :
     Pandoc (>= 1.12.3) and/or pandoc-citeproc not available. Falling back to R Markdown v1.
    
    Attaching package: 'dplyr'
    
    The following objects are masked from 'package:stats':
    
     filter, lag
    
    The following objects are masked from 'package:base':
    
     intersect, setdiff, setequal, union
    
    
    Attaching package: 'amt'
    
    The following object is masked from 'package:stats':
    
     filter
    
    Warning: `data_frame()` is deprecated, use `tibble()`.
    This warning is displayed once per session.
    .t missing, creating `track_xy`.
    Quitting from lines 237-242 (p1_getting_started.Rmd)
    Error: processing vignette 'p1_getting_started.Rmd' failed with diagnostics:
    `.data` is a corrupt grouped_df, the `"groups"` attribute must be a data frame
    --- failed re-building ‘p1_getting_started.Rmd’
    
    --- re-building ‘p4_SSF.Rmd’ using rmarkdown
    Warning in engine$weave(file, quiet = quiet, encoding = enc) :
     Pandoc (>= 1.12.3) and/or pandoc-citeproc not available. Falling back to R Markdown v1.
    
    Attaching package: 'lubridate'
    
    The following object is masked from 'package:base':
    
     date
    
    Loading required package: sp
    
    Attaching package: 'amt'
    
    The following object is masked from 'package:raster':
    
     select
    
    The following object is masked from 'package:sp':
    
     bbox
    
    The following object is masked from 'package:stats':
    
     filter
    
    Warning in random_steps.steps_xy(., n = 15) :
     Step-lengths or turning angles contained NA, which were removed.
    Warning in random_steps.steps_xy(., n = 15) :
     Step-lengths or turning angles contained NA, which were removed.
    --- finished re-building ‘p4_SSF.Rmd’
    
    SUMMARY: processing the following file failed:
     ‘p1_getting_started.Rmd’
    
    Error: Vignette re-building failed.
    Execution halted
Flavor: r-patched-solaris-x86

Version: 0.0.6
Check: re-building of vignette outputs
Result: WARN
    Error in re-building vignettes:
     ...
    
    Attaching package: 'dplyr'
    
    The following objects are masked from 'package:stats':
    
     filter, lag
    
    The following objects are masked from 'package:base':
    
     intersect, setdiff, setequal, union
    
    
    Attaching package: 'amt'
    
    The following object is masked from 'package:stats':
    
     filter
    
    Warning: `data_frame()` is deprecated, use `tibble()`.
    This warning is displayed once per session.
    .t missing, creating `track_xy`.
    Quitting from lines 237-242 (p1_getting_started.Rmd)
    Error: processing vignette 'p1_getting_started.Rmd' failed with diagnostics:
    `.data` is a corrupt grouped_df, the `"groups"` attribute must be a data frame
    Execution halted
Flavor: r-oldrel-windows-ix86+x86_64