CRAN Package Check Results for Package amen

Last updated on 2019-09-20 18:47:57 CEST.

Flavor Version Tinstall Tcheck Ttotal Status Flags
r-devel-linux-x86_64-debian-clang 1.3 5.68 38.11 43.79 OK --no-vignettes
r-devel-linux-x86_64-debian-gcc 1.3 4.64 30.48 35.12 OK --no-vignettes
r-devel-linux-x86_64-fedora-clang 1.3 54.04 OK --no-vignettes
r-devel-linux-x86_64-fedora-gcc 1.3 54.00 OK --no-vignettes
r-devel-windows-ix86+x86_64 1.3 17.00 46.00 63.00 OK --no-vignettes
r-patched-linux-x86_64 1.3 6.10 39.23 45.33 OK --no-vignettes
r-patched-solaris-x86 1.3 79.50 OK --no-vignettes
r-release-linux-x86_64 1.3 5.55 38.63 44.18 OK --no-vignettes
r-release-windows-ix86+x86_64 1.3 11.00 70.00 81.00 OK --no-vignettes
r-release-osx-x86_64 1.3 FAIL
r-oldrel-windows-ix86+x86_64 1.3 9.00 78.00 87.00 OK --no-vignettes
r-oldrel-osx-x86_64 1.3 FAIL

Check Details

Version: 1.3
Check: re-building of vignette outputs
Result: WARN
    Error(s) in re-building vignettes:
     ...
    --- re-building ‘amen.Rnw’ using knitr
    Loading required package: network
    network: Classes for Relational Data
    Version 1.15 created on 2019-04-01.
    copyright (c) 2005, Carter T. Butts, University of California-Irvine
     Mark S. Handcock, University of California -- Los Angeles
     David R. Hunter, Penn State University
     Martina Morris, University of Washington
     Skye Bender-deMoll, University of Washington
     For citation information, type citation("network").
     Type help("network-package") to get started.
    
    
    Execution halted
Flavor: r-release-osx-x86_64

Version: 1.3
Check: PDF version of manual
Result: FAIL
    
Flavors: r-release-osx-x86_64, r-oldrel-osx-x86_64

Version: 1.3
Check: re-building of vignette outputs
Result: WARN
    Error in re-building vignettes:
     ...
    Loading required package: network
    network: Classes for Relational Data
    Version 1.13.0.1 created on 2015-08-31.
    copyright (c) 2005, Carter T. Butts, University of California-Irvine
     Mark S. Handcock, University of California -- Los Angeles
     David R. Hunter, Penn State University
     Martina Morris, University of Washington
     Skye Bender-deMoll, University of Washington
     For citation information, type citation("network").
     Type help("network-package") to get started.
    
    
    Execution halted
Flavor: r-oldrel-osx-x86_64