CRAN Package Check Results for Package ameco

Last updated on 2020-01-20 22:51:35 CET.

Flavor Version Tinstall Tcheck Ttotal Status Flags
r-devel-linux-x86_64-debian-clang 0.2.9 22.83 59.81 82.64 OK
r-devel-linux-x86_64-debian-gcc 0.2.9 23.14 50.36 73.50 OK
r-devel-linux-x86_64-fedora-clang 0.2.9 117.81 NOTE
r-devel-linux-x86_64-fedora-gcc 0.2.9 114.65 OK
r-devel-windows-ix86+x86_64 0.2.9 46.00 93.00 139.00 NOTE
r-devel-windows-ix86+x86_64-gcc8 0.2.9 37.00 83.00 120.00 NOTE
r-patched-linux-x86_64 0.2.9 22.28 59.30 81.58 OK
r-patched-solaris-x86 0.2.9 209.70 NOTE
r-release-linux-x86_64 0.2.9 22.86 59.42 82.28 OK
r-release-windows-ix86+x86_64 0.2.9 46.00 72.00 118.00 NOTE
r-release-osx-x86_64 0.2.9 NOTE
r-oldrel-windows-ix86+x86_64 0.2.9 31.00 65.00 96.00 NOTE
r-oldrel-osx-x86_64 0.2.9 NOTE

Check Details

Version: 0.2.9
Check: installed package size
Result: NOTE
     installed size is 15.8Mb
     sub-directories of 1Mb or more:
     data 15.6Mb
Flavors: r-devel-linux-x86_64-fedora-clang, r-devel-windows-ix86+x86_64, r-devel-windows-ix86+x86_64-gcc8, r-patched-solaris-x86, r-release-windows-ix86+x86_64, r-release-osx-x86_64, r-oldrel-windows-ix86+x86_64, r-oldrel-osx-x86_64