CRAN Package Check Results for Package ameco

Last updated on 2019-09-15 19:48:55 CEST.

Flavor Version Tinstall Tcheck Ttotal Status Flags
r-devel-linux-x86_64-debian-clang 0.2.9 24.39 61.82 86.21 OK
r-devel-linux-x86_64-debian-gcc 0.2.9 24.61 50.35 74.96 OK
r-devel-linux-x86_64-fedora-clang 0.2.9 111.87 NOTE
r-devel-linux-x86_64-fedora-gcc 0.2.9 114.07 OK
r-devel-windows-ix86+x86_64 0.2.9 46.00 90.00 136.00 NOTE
r-patched-linux-x86_64 0.2.9 23.55 61.91 85.46 OK
r-patched-solaris-x86 0.2.9 213.40 NOTE
r-release-linux-x86_64 0.2.9 23.78 60.58 84.36 OK
r-release-windows-ix86+x86_64 0.2.9 35.00 64.00 99.00 NOTE
r-release-osx-x86_64 0.2.9 NOTE
r-oldrel-windows-ix86+x86_64 0.2.9 42.00 65.00 107.00 NOTE
r-oldrel-osx-x86_64 0.2.9 NOTE

Check Details

Version: 0.2.9
Check: installed package size
Result: NOTE
     installed size is 15.8Mb
     sub-directories of 1Mb or more:
     data 15.6Mb
Flavors: r-devel-linux-x86_64-fedora-clang, r-devel-windows-ix86+x86_64, r-patched-solaris-x86, r-release-windows-ix86+x86_64, r-release-osx-x86_64, r-oldrel-windows-ix86+x86_64, r-oldrel-osx-x86_64