CRAN Package Check Results for Package amap

Last updated on 2019-05-21 20:47:14 CEST.

Flavor Version Tinstall Tcheck Ttotal Status Flags
r-devel-linux-x86_64-debian-clang 0.8-17 7.14 28.92 36.06 OK
r-devel-linux-x86_64-debian-gcc 0.8-17 7.07 23.32 30.39 OK
r-devel-linux-x86_64-fedora-clang 0.8-17 45.56 OK
r-devel-linux-x86_64-fedora-gcc 0.8-17 46.31 OK
r-devel-windows-ix86+x86_64 0.8-17 31.00 71.00 102.00 OK
r-patched-linux-x86_64 0.8-17 8.64 28.83 37.47 OK
r-patched-solaris-x86 0.8-17 67.50 OK
r-release-linux-x86_64 0.8-17 8.40 28.85 37.25 OK
r-release-windows-ix86+x86_64 0.8-17 21.00 48.00 69.00 OK
r-release-osx-x86_64 0.8-17 NOTE
r-oldrel-windows-ix86+x86_64 0.8-16 22.00 52.00 74.00 OK
r-oldrel-osx-x86_64 0.8-17 ERROR

Check Details

Version: 0.8-17
Check: package dependencies
Result: NOTE
    Package suggested but not available for checking: ‘Biobase’
Flavor: r-release-osx-x86_64

Version: 0.8-17
Check: whether package can be installed
Result: ERROR
    Installation failed.
Flavor: r-oldrel-osx-x86_64