CRAN Package Check Results for Package amap

Last updated on 2019-07-16 07:50:36 CEST.

Flavor Version Tinstall Tcheck Ttotal Status Flags
r-devel-linux-x86_64-debian-clang 0.8-17 7.39 29.57 36.96 OK
r-devel-linux-x86_64-debian-gcc 0.8-17 6.76 23.10 29.86 OK
r-devel-linux-x86_64-fedora-clang 0.8-17 47.60 OK
r-devel-linux-x86_64-fedora-gcc 0.8-17 46.49 OK
r-devel-windows-ix86+x86_64 0.8-17 22.00 55.00 77.00 OK
r-patched-linux-x86_64 0.8-17 8.14 29.22 37.36 OK
r-patched-solaris-x86 0.8-17 83.00 OK
r-release-linux-x86_64 0.8-17 8.36 28.62 36.98 OK
r-release-windows-ix86+x86_64 0.8-17 32.00 75.00 107.00 OK
r-release-osx-x86_64 0.8-17 NOTE
r-oldrel-windows-ix86+x86_64 0.8-16 22.00 52.00 74.00 OK
r-oldrel-osx-x86_64 0.8-17 ERROR

Check Details

Version: 0.8-17
Check: package dependencies
Result: NOTE
    Package suggested but not available for checking: ‘Biobase’
Flavor: r-release-osx-x86_64

Version: 0.8-17
Check: whether package can be installed
Result: ERROR
    Installation failed.
Flavor: r-oldrel-osx-x86_64