CRAN Package Check Results for Package altair

Last updated on 2019-09-20 01:47:38 CEST.

Flavor Version Tinstall Tcheck Ttotal Status Flags
r-devel-linux-x86_64-debian-clang 3.1.1 6.37 62.49 68.86 OK
r-devel-linux-x86_64-debian-gcc 3.1.1 5.26 47.19 52.45 OK
r-devel-linux-x86_64-fedora-clang 3.1.1 83.12 NOTE
r-devel-linux-x86_64-fedora-gcc 3.1.1 77.39 NOTE
r-devel-windows-ix86+x86_64 3.1.1 20.00 98.00 118.00 OK
r-patched-linux-x86_64 3.1.1 4.82 58.42 63.24 OK
r-patched-solaris-x86 3.1.1 121.00 NOTE
r-release-linux-x86_64 3.1.1 5.11 58.18 63.29 OK
r-release-windows-ix86+x86_64 3.1.1 12.00 71.00 83.00 OK
r-release-osx-x86_64 3.1.1 NOTE
r-oldrel-windows-ix86+x86_64 3.1.1 6.00 71.00 77.00 OK
r-oldrel-osx-x86_64 3.1.1 NOTE

Check Details

Version: 3.1.1
Check: dependencies in R code
Result: NOTE
    Namespaces in Imports field not imported from:
     ‘jsonlite’ ‘rlang’
     All declared Imports should be used.
Flavors: r-devel-linux-x86_64-fedora-clang, r-devel-linux-x86_64-fedora-gcc, r-patched-solaris-x86, r-release-osx-x86_64, r-oldrel-osx-x86_64

Version: 3.1.1
Check: package dependencies
Result: NOTE
    Package suggested but not available for checking: ‘rsvg’
Flavor: r-patched-solaris-x86