CRAN Package Check Results for Package alphashape3d

Last updated on 2019-09-21 08:50:04 CEST.

Flavor Version Tinstall Tcheck Ttotal Status Flags
r-devel-linux-x86_64-debian-clang 1.3 5.92 41.51 47.43 OK
r-devel-linux-x86_64-debian-gcc 1.3 4.91 33.23 38.14 OK
r-devel-linux-x86_64-fedora-clang 1.3 59.92 OK
r-devel-linux-x86_64-fedora-gcc 1.3 57.82 OK
r-devel-windows-ix86+x86_64 1.3 33.00 168.00 201.00 OK
r-patched-linux-x86_64 1.3 5.67 41.47 47.14 OK
r-patched-solaris-x86 1.3 84.60 OK
r-release-linux-x86_64 1.3 5.06 42.22 47.28 OK
r-release-windows-ix86+x86_64 1.3 18.00 81.00 99.00 OK
r-release-osx-x86_64 1.3 WARN
r-oldrel-windows-ix86+x86_64 1.3 13.00 71.00 84.00 OK
r-oldrel-osx-x86_64 1.3 OK

Check Details

Version: 1.3
Check: whether package can be installed
Result: WARN
    Found the following significant warnings:
     Warning: 'rgl_init' failed, running with rgl.useNULL = TRUE
Flavor: r-release-osx-x86_64