CRAN Package Check Results for Package allelic

Last updated on 2019-10-20 21:48:28 CEST.

Flavor Version Tinstall Tcheck Ttotal Status Flags
r-devel-linux-x86_64-debian-clang 0.1 2.11 17.24 19.35 NOTE
r-devel-linux-x86_64-debian-gcc 0.1 1.64 14.11 15.75 NOTE
r-devel-linux-x86_64-fedora-clang 0.1 25.12 NOTE
r-devel-linux-x86_64-fedora-gcc 0.1 24.82 NOTE
r-devel-windows-ix86+x86_64 0.1 10.00 35.00 45.00 OK
r-patched-linux-x86_64 0.1 1.60 17.12 18.72 NOTE
r-patched-solaris-x86 0.1 38.90 OK
r-release-linux-x86_64 0.1 1.60 17.13 18.73 NOTE
r-release-windows-ix86+x86_64 0.1 7.00 50.00 57.00 OK
r-release-osx-x86_64 0.1 NOTE
r-oldrel-windows-ix86+x86_64 0.1 5.00 33.00 38.00 OK
r-oldrel-osx-x86_64 0.1 NOTE

Check Details

Version: 0.1
Check: compiled code
Result: NOTE
    File 'allelic/libs/allelic.so':
     Found 'stderr', possibly from 'stderr' (C)
     Object: 'newallelic.o'
    
    Compiled code should not call entry points which might terminate R nor
    write to stdout/stderr instead of to the console, nor use Fortran I/O
    nor system RNGs.
    
    See 'Writing portable packages' in the 'Writing R Extensions' manual.
Flavors: r-devel-linux-x86_64-debian-clang, r-devel-linux-x86_64-debian-gcc, r-patched-linux-x86_64, r-release-linux-x86_64

Version: 0.1
Check: compiled code
Result: NOTE
    File ‘allelic/libs/allelic.so’:
     Found ‘stderr’, possibly from ‘stderr’ (C)
     Object: ‘newallelic.o’
    File ‘allelic/libs/allelic.so’:
     Found no calls to: ‘R_registerRoutines’, ‘R_useDynamicSymbols’
    
    Compiled code should not call entry points which might terminate R nor
    write to stdout/stderr instead of to the console, nor use Fortran I/O
    nor system RNGs.
    It is good practice to register native routines and to disable symbol
    search.
    
    See ‘Writing portable packages’ in the ‘Writing R Extensions’ manual.
Flavors: r-devel-linux-x86_64-fedora-clang, r-devel-linux-x86_64-fedora-gcc

Version: 0.1
Check: compiled code
Result: NOTE
    File ‘allelic/libs/allelic.so’:
     Found ‘___stderrp’, possibly from ‘stderr’ (C)
     Object: ‘newallelic.o’
    
    Compiled code should not call entry points which might terminate R nor
    write to stdout/stderr instead of to the console, nor use Fortran I/O
    nor system RNGs.
    
    See ‘Writing portable packages’ in the ‘Writing R Extensions’ manual.
Flavors: r-release-osx-x86_64, r-oldrel-osx-x86_64