CRAN Package Check Results for Package airportr

Last updated on 2019-09-20 01:47:38 CEST.

Flavor Version Tinstall Tcheck Ttotal Status Flags
r-devel-linux-x86_64-debian-clang 0.1.2 4.00 34.35 38.35 NOTE
r-devel-linux-x86_64-debian-gcc 0.1.2 3.72 27.06 30.78 NOTE
r-devel-linux-x86_64-fedora-clang 0.1.2 47.15 NOTE
r-devel-linux-x86_64-fedora-gcc 0.1.2 45.76 NOTE
r-devel-windows-ix86+x86_64 0.1.2 20.00 67.00 87.00 NOTE
r-patched-linux-x86_64 0.1.2 4.03 33.42 37.45 OK
r-patched-solaris-x86 0.1.2 73.70 NOTE
r-release-linux-x86_64 0.1.2 4.17 33.38 37.55 OK
r-release-windows-ix86+x86_64 0.1.2 10.00 48.00 58.00 OK
r-release-osx-x86_64 0.1.2 NOTE
r-oldrel-windows-ix86+x86_64 0.1.2 5.00 44.00 49.00 OK
r-oldrel-osx-x86_64 0.1.2 NOTE

Check Details

Version: 0.1.2
Check: package vignettes
Result: NOTE
    Package vignette with placeholder title 'Vignette Title':
     'Introduction_to_Airportr.Rmd'
Flavors: r-devel-linux-x86_64-debian-clang, r-devel-linux-x86_64-debian-gcc, r-devel-windows-ix86+x86_64

Version: 0.1.2
Check: data for non-ASCII characters
Result: NOTE
     Note: found 676 marked UTF-8 strings
Flavors: r-devel-linux-x86_64-fedora-clang, r-devel-linux-x86_64-fedora-gcc, r-patched-solaris-x86, r-release-osx-x86_64, r-oldrel-osx-x86_64