CRAN Package Check Results for Package aiRthermo

Last updated on 2019-09-19 10:47:46 CEST.

Flavor Version Tinstall Tcheck Ttotal Status Flags
r-devel-linux-x86_64-debian-clang 1.2.1 3.99 26.19 30.18 NOTE
r-devel-linux-x86_64-debian-gcc 1.2.1 3.23 21.23 24.46 NOTE
r-devel-linux-x86_64-fedora-clang 1.2.1 37.85 NOTE
r-devel-linux-x86_64-fedora-gcc 1.2.1 36.56 NOTE
r-devel-windows-ix86+x86_64 1.2.1 18.00 70.00 88.00 OK
r-patched-linux-x86_64 1.2.1 3.61 26.03 29.64 OK
r-patched-solaris-x86 1.2.1 61.60 OK
r-release-linux-x86_64 1.2.1 3.66 26.33 29.99 OK
r-release-windows-ix86+x86_64 1.2.1 11.00 65.00 76.00 OK
r-release-osx-x86_64 1.2.1 OK
r-oldrel-windows-ix86+x86_64 1.2.1 9.00 40.00 49.00 OK
r-oldrel-osx-x86_64 1.2.1 OK

Check Details

Version: 1.2.1
Check: for non-standard things in the check directory
Result: NOTE
    Found the following files/directories:
     'stuve.pdf'
Flavors: r-devel-linux-x86_64-debian-clang, r-devel-linux-x86_64-debian-gcc, r-devel-linux-x86_64-fedora-clang, r-devel-linux-x86_64-fedora-gcc