CRAN Package Check Results for Package ahpsurvey

Last updated on 2019-09-19 14:46:41 CEST.

Flavor Version Tinstall Tcheck Ttotal Status Flags
r-devel-linux-x86_64-debian-clang 0.4.0 4.53 88.33 92.86 OK
r-devel-linux-x86_64-debian-gcc 0.4.0 3.73 64.57 68.30 OK
r-devel-linux-x86_64-fedora-clang 0.4.0 107.78 NOTE
r-devel-linux-x86_64-fedora-gcc 0.4.0 103.43 NOTE
r-devel-windows-ix86+x86_64 0.4.0 15.00 128.00 143.00 OK
r-patched-linux-x86_64 0.4.0 3.95 84.56 88.51 OK
r-patched-solaris-x86 0.4.0 146.70 NOTE
r-release-linux-x86_64 0.4.0 4.34 85.03 89.37 OK
r-release-windows-ix86+x86_64 0.4.0 13.00 91.00 104.00 OK
r-release-osx-x86_64 0.4.0 NOTE
r-oldrel-windows-ix86+x86_64 0.4.0 7.00 92.00 99.00 OK
r-oldrel-osx-x86_64 0.4.0 NOTE

Check Details

Version: 0.4.0
Check: dependencies in R code
Result: NOTE
    Namespaces in Imports field not imported from:
     ‘knitr’ ‘randomNames’ ‘tidyr’
     All declared Imports should be used.
Flavors: r-devel-linux-x86_64-fedora-clang, r-devel-linux-x86_64-fedora-gcc, r-patched-solaris-x86, r-release-osx-x86_64, r-oldrel-osx-x86_64