CRAN Package Check Results for Package ahnr

Last updated on 2019-09-15 15:47:16 CEST.

Flavor Version Tinstall Tcheck Ttotal Status Flags
r-devel-linux-x86_64-debian-clang 0.3.1 4.02 123.01 127.03 OK
r-devel-linux-x86_64-debian-gcc 0.3.1 3.57 87.19 90.76 OK
r-devel-linux-x86_64-fedora-clang 0.3.1 141.68 OK
r-devel-linux-x86_64-fedora-gcc 0.3.1 138.83 OK
r-devel-windows-ix86+x86_64 0.3.1 25.00 180.00 205.00 OK
r-patched-linux-x86_64 0.3.1 3.66 118.41 122.07 OK
r-patched-solaris-x86 0.3.1 133.10 WARN
r-release-linux-x86_64 0.3.1 3.71 118.80 122.51 OK
r-release-windows-ix86+x86_64 0.3.1 10.00 119.00 129.00 OK
r-release-osx-x86_64 0.3.1 WARN
r-oldrel-windows-ix86+x86_64 0.3.1 8.00 120.00 128.00 OK
r-oldrel-osx-x86_64 0.3.1 WARN

Check Details

Version: 0.3.1
Check: re-building of vignette outputs
Result: WARN
    Error(s) in re-building vignettes:
     ...
    --- re-building ‘ahn.Rmd’ using rmarkdown
    Warning in engine$weave(file, quiet = quiet, encoding = enc) :
     Pandoc (>= 1.12.3) and/or pandoc-citeproc not available. Falling back to R Markdown v1.
    Quitting from lines 66-67 (ahn.Rmd)
    Error: processing vignette 'ahn.Rmd' failed with diagnostics:
    there is no package called 'webshot'
    --- failed re-building ‘ahn.Rmd’
    
    SUMMARY: processing the following file failed:
     ‘ahn.Rmd’
    
    Error: Vignette re-building failed.
    Execution halted
Flavor: r-patched-solaris-x86

Version: 0.3.1
Check: re-building of vignette outputs
Result: WARN
    Error(s) in re-building vignettes:
     ...
    --- re-building ‘ahn.Rmd’ using rmarkdown
    Warning in engine$weave(file, quiet = quiet, encoding = enc) :
     Pandoc (>= 1.12.3) and/or pandoc-citeproc not available. Falling back to R Markdown v1.
    Quitting from lines 66-67 (ahn.Rmd)
    Error: processing vignette 'ahn.Rmd' failed with diagnostics:
    cannot open the connection
    --- failed re-building ‘ahn.Rmd’
    
    SUMMARY: processing the following file failed:
     ‘ahn.Rmd’
    
    Error: Vignette re-building failed.
    Execution halted
Flavor: r-release-osx-x86_64

Version: 0.3.1
Check: re-building of vignette outputs
Result: WARN
    Error in re-building vignettes:
     ...
    Warning in engine$weave(file, quiet = quiet, encoding = enc) :
     Pandoc (>= 1.12.3) and/or pandoc-citeproc not available. Falling back to R Markdown v1.
    Quitting from lines 66-67 (ahn.Rmd)
    Error: processing vignette 'ahn.Rmd' failed with diagnostics:
    cannot open the connection
    Execution halted
Flavor: r-oldrel-osx-x86_64