CRAN Package Check Results for Package agricolae

Last updated on 2018-07-21 14:47:16 CEST.

Flavor Version Tinstall Tcheck Ttotal Status Flags
r-devel-linux-x86_64-debian-clang 1.2-8 17.06 159.13 176.19 OK
r-devel-linux-x86_64-debian-gcc 1.2-8 13.36 125.70 139.06 OK
r-devel-linux-x86_64-fedora-clang 1.2-8 208.16 OK
r-devel-linux-x86_64-fedora-gcc 1.2-8 203.24 OK
r-devel-windows-ix86+x86_64 1.2-8 38.00 299.00 337.00 OK
r-patched-linux-x86_64 1.2-8 OK
r-patched-solaris-x86 1.2-8 255.60 OK
r-release-linux-x86_64 1.2-8 14.81 150.17 164.98 OK
r-release-windows-ix86+x86_64 1.2-8 4.00 6.00 10.00 ERROR
r-release-osx-x86_64 1.2-8 OK
r-oldrel-windows-ix86+x86_64 1.2-8 16.00 233.00 249.00 OK
r-oldrel-osx-x86_64 1.2-8 OK

Check Details

Version: 1.2-8
Check: whether package can be installed
Result: ERROR
    Installation failed.
Flavor: r-release-windows-ix86+x86_64