CRAN Package Check Results for Package afex

Last updated on 2019-09-20 18:47:57 CEST.

Flavor Version Tinstall Tcheck Ttotal Status Flags
r-devel-linux-x86_64-debian-clang 0.25-1 12.56 375.92 388.48 OK
r-devel-linux-x86_64-debian-gcc 0.25-1 10.36 279.99 290.35 OK
r-devel-linux-x86_64-fedora-clang 0.25-1 483.66 OK
r-devel-linux-x86_64-fedora-gcc 0.25-1 448.83 OK
r-devel-windows-ix86+x86_64 0.25-1 49.00 499.00 548.00 OK
r-patched-linux-x86_64 0.25-1 13.91 360.73 374.64 OK
r-patched-solaris-x86 0.25-1 840.30 NOTE
r-release-linux-x86_64 0.25-1 9.84 364.19 374.03 OK
r-release-windows-ix86+x86_64 0.25-1 30.00 403.00 433.00 OK
r-release-osx-x86_64 0.25-1 OK
r-oldrel-windows-ix86+x86_64 0.25-1 21.00 391.00 412.00 OK
r-oldrel-osx-x86_64 0.25-1 OK

Check Details

Version: 0.25-1
Check: installed package size
Result: NOTE
     installed size is 5.6Mb
     sub-directories of 1Mb or more:
     doc 2.9Mb
     extdata 1.9Mb
Flavor: r-patched-solaris-x86