CRAN Package Check Results for Package afCEC

Last updated on 2019-09-19 16:47:53 CEST.

Flavor Version Tinstall Tcheck Ttotal Status Flags
r-devel-linux-x86_64-debian-clang 1.0.2 40.49 32.65 73.14 OK
r-devel-linux-x86_64-debian-gcc 1.0.2 38.71 26.99 65.70 OK
r-devel-linux-x86_64-fedora-clang 1.0.2 111.06 OK
r-devel-linux-x86_64-fedora-gcc 1.0.2 109.43 OK
r-devel-windows-ix86+x86_64 1.0.2 103.00 100.00 203.00 OK
r-patched-linux-x86_64 1.0.2 33.62 32.52 66.14 OK
r-patched-solaris-x86 1.0.2 123.90 OK
r-release-linux-x86_64 1.0.2 39.57 32.71 72.28 OK
r-release-windows-ix86+x86_64 1.0.2 68.00 76.00 144.00 OK
r-release-osx-x86_64 1.0.2 WARN
r-oldrel-windows-ix86+x86_64 1.0.2 71.00 63.00 134.00 OK
r-oldrel-osx-x86_64 1.0.2 OK

Check Details

Version: 1.0.2
Check: whether package can be installed
Result: WARN
    Found the following significant warnings:
     Warning: 'rgl_init' failed, running with rgl.useNULL = TRUE
Flavor: r-release-osx-x86_64