CRAN Package Check Results for Package adpss

Last updated on 2019-09-15 19:48:55 CEST.

Flavor Version Tinstall Tcheck Ttotal Status Flags
r-devel-linux-x86_64-debian-clang 0.1.1 23.21 40.24 63.45 OK
r-devel-linux-x86_64-debian-gcc 0.1.1 25.94 30.17 56.11 OK
r-devel-linux-x86_64-fedora-clang 0.1.1 85.95 OK
r-devel-linux-x86_64-fedora-gcc 0.1.1 92.98 OK
r-devel-windows-ix86+x86_64 0.1.1 66.00 88.00 154.00 OK
r-patched-linux-x86_64 0.1.1 26.20 39.00 65.20 OK
r-patched-solaris-x86 0.1.1 113.60 OK
r-release-linux-x86_64 0.1.1 27.27 38.88 66.15 OK
r-release-windows-ix86+x86_64 0.1.1 39.00 85.00 124.00 OK
r-release-osx-x86_64 0.1.1 WARN
r-oldrel-windows-ix86+x86_64 0.1.1 58.00 81.00 139.00 OK
r-oldrel-osx-x86_64 0.1.1 OK

Check Details

Version: 0.1.1
Check: re-building of vignette outputs
Result: WARN
    Error(s) in re-building vignettes:
     ...
    --- re-building ‘adpss_ex.Rmd’ using rmarkdown
    Warning in engine$weave(file, quiet = quiet, encoding = enc) :
     Pandoc (>= 1.12.3) and/or pandoc-citeproc not available. Falling back to R Markdown v1.
    Error: processing vignette 'adpss_ex.Rmd' failed with diagnostics:
    there is no package called 'stringi'
    --- failed re-building ‘adpss_ex.Rmd’
    
    SUMMARY: processing the following file failed:
     ‘adpss_ex.Rmd’
    
    Error: Vignette re-building failed.
    Execution halted
Flavor: r-release-osx-x86_64