CRAN Package Check Results for Package adiv

Last updated on 2018-07-21 04:50:16 CEST.

Flavor Version Tinstall Tcheck Ttotal Status Flags
r-devel-linux-x86_64-debian-clang 1.1 18.02 194.91 212.93 NOTE
r-devel-linux-x86_64-debian-gcc 1.1 17.71 149.04 166.75 NOTE
r-devel-linux-x86_64-fedora-clang 1.1 248.85 NOTE
r-devel-linux-x86_64-fedora-gcc 1.1 237.89 NOTE
r-devel-windows-ix86+x86_64 1.1 35.00 267.00 302.00 OK
r-patched-linux-x86_64 1.1 NOTE
r-patched-solaris-x86 1.1 317.80 OK
r-release-linux-x86_64 1.1 16.68 169.84 186.52 NOTE
r-release-windows-ix86+x86_64 1.1 51.00 171.00 222.00 OK
r-release-osx-x86_64 1.1 OK
r-oldrel-windows-ix86+x86_64 1.1 19.00 252.00 271.00 OK
r-oldrel-osx-x86_64 1.1 OK

Check Details

Version: 1.1
Check: DESCRIPTION meta-information
Result: NOTE
    Dependence on R version ‘3.4.1’ not with patchlevel 0
Flavors: r-devel-linux-x86_64-debian-clang, r-devel-linux-x86_64-debian-gcc, r-devel-linux-x86_64-fedora-clang, r-devel-linux-x86_64-fedora-gcc, r-patched-linux-x86_64, r-release-linux-x86_64