CRAN Package Check Results for Package adiv

Last updated on 2017-12-15 18:46:21 CET.

Flavor Version Tinstall Tcheck Ttotal Status Flags
r-devel-linux-x86_64-debian-clang 1.1 7.92 176.46 184.38 OK
r-devel-linux-x86_64-debian-gcc 1.1 8.63 137.05 145.68 OK
r-devel-linux-x86_64-fedora-clang 1.1 216.02 OK
r-devel-linux-x86_64-fedora-gcc 1.1 216.27 OK
r-devel-windows-ix86+x86_64 1.1 19.00 175.00 194.00 OK
r-patched-linux-x86_64 1.1 9.46 188.06 197.52 OK
r-patched-solaris-x86 1.1 310.70 OK
r-release-linux-x86_64 1.1 8.66 185.79 194.45 OK
r-release-windows-ix86+x86_64 1.1 14.00 179.00 193.00 OK
r-release-osx-x86_64 1.1 OK
r-oldrel-osx-x86_64 1.1 ERROR

Check Details

Version: 1.1
Check: whether package can be installed
Result: ERROR
    Installation failed.
Flavor: r-oldrel-osx-x86_64