CRAN Package Check Results for Package adiv

Last updated on 2018-10-20 10:48:32 CEST.

Flavor Version Tinstall Tcheck Ttotal Status Flags
r-devel-linux-x86_64-debian-clang 1.2 19.92 206.86 226.78 OK
r-devel-linux-x86_64-debian-gcc 1.2 16.58 163.70 180.28 OK
r-devel-linux-x86_64-fedora-clang 1.2 267.96 OK
r-devel-linux-x86_64-fedora-gcc 1.2 257.73 OK
r-devel-windows-ix86+x86_64 1.2 49.00 266.00 315.00 OK
r-patched-linux-x86_64 1.2 16.48 180.09 196.57 OK
r-patched-solaris-x86 1.2 331.40 OK
r-release-linux-x86_64 1.2 18.74 179.65 198.39 OK
r-release-windows-ix86+x86_64 1.2 45.00 265.00 310.00 OK
r-release-osx-x86_64 1.2 WARN
r-oldrel-windows-ix86+x86_64 1.1 38.00 192.00 230.00 OK
r-oldrel-osx-x86_64 1.2 ERROR

Check Details

Version: 1.2
Check: whether package can be installed
Result: WARN
    Found the following significant warnings:
     Warning: 'rgl_init' failed, running with rgl.useNULL = TRUE
Flavor: r-release-osx-x86_64

Version: 1.2
Check: whether package can be installed
Result: ERROR
    Installation failed.
Flavor: r-oldrel-osx-x86_64