CRAN Package Check Results for Package adeptdata

Last updated on 2019-09-15 19:48:55 CEST.

Flavor Version Tinstall Tcheck Ttotal Status Flags
r-devel-linux-x86_64-debian-clang 1.0.1 20.52 29.46 49.98 OK
r-devel-linux-x86_64-debian-gcc 1.0.1 17.64 24.36 42.00 OK
r-devel-linux-x86_64-fedora-clang 1.0.1 64.09 NOTE
r-devel-linux-x86_64-fedora-gcc 1.0.1 63.73 OK
r-devel-windows-ix86+x86_64 1.0.1 33.00 38.00 71.00 NOTE
r-patched-linux-x86_64 1.0.1 18.13 29.58 47.71 OK
r-patched-solaris-x86 1.0.1 114.30 NOTE
r-release-linux-x86_64 1.0.1 18.51 29.30 47.81 OK
r-release-windows-ix86+x86_64 1.0.1 26.00 57.00 83.00 NOTE
r-release-osx-x86_64 1.0.1 NOTE
r-oldrel-windows-ix86+x86_64 1.0.1 28.00 38.00 66.00 NOTE
r-oldrel-osx-x86_64 1.0.1 NOTE

Check Details

Version: 1.0.1
Check: installed package size
Result: NOTE
     installed size is 21.0Mb
     sub-directories of 1Mb or more:
     data 20.8Mb
Flavors: r-devel-linux-x86_64-fedora-clang, r-devel-windows-ix86+x86_64, r-patched-solaris-x86, r-release-windows-ix86+x86_64, r-release-osx-x86_64, r-oldrel-windows-ix86+x86_64, r-oldrel-osx-x86_64