CRAN Package Check Results for Package adeptdata

Last updated on 2020-01-20 23:50:02 CET.

Flavor Version Tinstall Tcheck Ttotal Status Flags
r-devel-linux-x86_64-debian-clang 1.0.1 18.55 30.29 48.84 OK
r-devel-linux-x86_64-debian-gcc 1.0.1 17.17 24.29 41.46 OK
r-devel-linux-x86_64-fedora-clang 1.0.1 66.65 NOTE
r-devel-linux-x86_64-fedora-gcc 1.0.1 64.98 OK
r-devel-windows-ix86+x86_64 1.0.1 33.00 48.00 81.00 NOTE
r-devel-windows-ix86+x86_64-gcc8 1.0.1 26.00 48.00 74.00 NOTE
r-patched-linux-x86_64 1.0.1 18.95 28.72 47.67 OK
r-patched-solaris-x86 1.0.1 109.20 NOTE
r-release-linux-x86_64 1.0.1 19.59 28.89 48.48 OK
r-release-windows-ix86+x86_64 1.0.1 30.00 58.00 88.00 NOTE
r-release-osx-x86_64 1.0.1 NOTE
r-oldrel-windows-ix86+x86_64 1.0.1 21.00 38.00 59.00 NOTE
r-oldrel-osx-x86_64 1.0.1 NOTE

Check Details

Version: 1.0.1
Check: installed package size
Result: NOTE
     installed size is 21.0Mb
     sub-directories of 1Mb or more:
     data 20.8Mb
Flavors: r-devel-linux-x86_64-fedora-clang, r-devel-windows-ix86+x86_64, r-devel-windows-ix86+x86_64-gcc8, r-patched-solaris-x86, r-release-windows-ix86+x86_64, r-release-osx-x86_64, r-oldrel-windows-ix86+x86_64, r-oldrel-osx-x86_64