CRAN Package Check Results for Package adehabitatMA

Last updated on 2019-09-20 01:47:38 CEST.

Flavor Version Tinstall Tcheck Ttotal Status Flags
r-devel-linux-x86_64-debian-clang 0.3.13 7.15 50.22 57.37 OK
r-devel-linux-x86_64-debian-gcc 0.3.13 5.57 39.19 44.76 OK
r-devel-linux-x86_64-fedora-clang 0.3.13 70.84 NOTE
r-devel-linux-x86_64-fedora-gcc 0.3.13 67.81 NOTE
r-devel-windows-ix86+x86_64 0.3.13 23.00 110.00 133.00 OK
r-patched-linux-x86_64 0.3.13 5.86 49.07 54.93 OK
r-patched-solaris-x86 0.3.13 105.40 NOTE
r-release-linux-x86_64 0.3.13 6.26 49.55 55.81 OK
r-release-windows-ix86+x86_64 0.3.13 17.00 116.00 133.00 OK
r-release-osx-x86_64 0.3.13 NOTE
r-oldrel-windows-ix86+x86_64 0.3.13 14.00 114.00 128.00 OK
r-oldrel-osx-x86_64 0.3.13 NOTE

Check Details

Version: 0.3.13
Check: dependencies in R code
Result: NOTE
    Namespace in Imports field not imported from: ‘filehash’
     All declared Imports should be used.
Flavors: r-devel-linux-x86_64-fedora-clang, r-devel-linux-x86_64-fedora-gcc, r-patched-solaris-x86, r-release-osx-x86_64, r-oldrel-osx-x86_64