CRAN Package Check Results for Package adegraphics

Last updated on 2019-07-16 07:50:36 CEST.

Flavor Version Tinstall Tcheck Ttotal Status Flags
r-devel-linux-x86_64-debian-clang 1.0-15 26.63 303.36 329.99 OK
r-devel-linux-x86_64-debian-gcc 1.0-15 24.48 233.73 258.21 OK
r-devel-linux-x86_64-fedora-clang 1.0-15 402.71 OK
r-devel-linux-x86_64-fedora-gcc 1.0-15 383.37 OK
r-devel-windows-ix86+x86_64 1.0-15 53.00 439.00 492.00 OK
r-patched-linux-x86_64 1.0-15 27.13 302.51 329.64 OK
r-patched-solaris-x86 1.0-15 518.20 NOTE
r-release-linux-x86_64 1.0-15 28.49 299.05 327.54 OK
r-release-windows-ix86+x86_64 1.0-15 38.00 413.00 451.00 OK
r-release-osx-x86_64 1.0-15 OK
r-oldrel-windows-ix86+x86_64 1.0-15 45.00 305.00 350.00 OK
r-oldrel-osx-x86_64 1.0-15 OK

Check Details

Version: 1.0-15
Check: installed package size
Result: NOTE
     installed size is 5.1Mb
     sub-directories of 1Mb or more:
     R 1.5Mb
     doc 3.0Mb
Flavor: r-patched-solaris-x86