CRAN Package Check Results for Package adegraphics

Last updated on 2019-09-17 22:48:01 CEST.

Flavor Version Tinstall Tcheck Ttotal Status Flags
r-devel-linux-x86_64-debian-clang 1.0-15 28.25 305.73 333.98 OK
r-devel-linux-x86_64-debian-gcc 1.0-15 23.54 228.30 251.84 OK
r-devel-linux-x86_64-fedora-clang 1.0-15 384.49 OK
r-devel-linux-x86_64-fedora-gcc 1.0-15 382.85 OK
r-devel-windows-ix86+x86_64 1.0-15 52.00 408.00 460.00 OK
r-patched-linux-x86_64 1.0-15 29.19 296.06 325.25 OK
r-patched-solaris-x86 1.0-15 518.50 NOTE
r-release-linux-x86_64 1.0-15 29.08 298.04 327.12 OK
r-release-windows-ix86+x86_64 1.0-15 35.00 306.00 341.00 OK
r-release-osx-x86_64 1.0-15 OK
r-oldrel-windows-ix86+x86_64 1.0-15 48.00 303.00 351.00 OK
r-oldrel-osx-x86_64 1.0-15 OK

Check Details

Version: 1.0-15
Check: installed package size
Result: NOTE
     installed size is 5.1Mb
     sub-directories of 1Mb or more:
     R 1.5Mb
     doc 3.0Mb
Flavor: r-patched-solaris-x86