CRAN Package Check Results for Package adegraphics

Last updated on 2019-04-24 22:50:35 CEST.

Flavor Version Tinstall Tcheck Ttotal Status Flags
r-devel-linux-x86_64-debian-clang 1.0-15 28.80 308.38 337.18 OK
r-devel-linux-x86_64-debian-gcc 1.0-15 22.70 232.02 254.72 OK
r-devel-linux-x86_64-fedora-clang 1.0-15 386.79 OK
r-devel-linux-x86_64-fedora-gcc 1.0-15 376.00 OK
r-devel-windows-ix86+x86_64 1.0-15 52.00 388.00 440.00 OK
r-patched-linux-x86_64 1.0-15 29.33 303.64 332.97 OK
r-patched-solaris-x86 1.0-15 506.60 NOTE
r-release-linux-x86_64 1.0-15 25.63 297.31 322.94 OK
r-release-windows-ix86+x86_64 1.0-15 36.00 325.00 361.00 OK
r-release-osx-x86_64 1.0-15 OK
r-oldrel-windows-ix86+x86_64 1.0-15 11.00 493.00 504.00 OK
r-oldrel-osx-x86_64 1.0-15 OK

Check Details

Version: 1.0-15
Check: installed package size
Result: NOTE
     installed size is 5.1Mb
     sub-directories of 1Mb or more:
     R 1.5Mb
     doc 3.0Mb
Flavor: r-patched-solaris-x86