CRAN Package Check Results for Package adegenet

Last updated on 2019-09-21 08:50:04 CEST.

Flavor Version Tinstall Tcheck Ttotal Status Flags
r-devel-linux-x86_64-debian-clang 2.1.1 29.71 178.40 208.11 NOTE
r-devel-linux-x86_64-debian-gcc 2.1.1 27.40 139.26 166.66 NOTE
r-devel-linux-x86_64-fedora-clang 2.1.1 253.24 NOTE
r-devel-linux-x86_64-fedora-gcc 2.1.1 248.48 NOTE
r-devel-windows-ix86+x86_64 2.1.1 81.00 362.00 443.00 OK
r-patched-linux-x86_64 2.1.1 30.27 175.60 205.87 OK
r-patched-solaris-x86 2.1.1 380.70 NOTE
r-release-linux-x86_64 2.1.1 25.85 176.32 202.17 OK
r-release-windows-ix86+x86_64 2.1.1 57.00 250.00 307.00 OK
r-release-osx-x86_64 2.1.1 OK
r-oldrel-windows-ix86+x86_64 2.1.1 38.00 208.00 246.00 OK
r-oldrel-osx-x86_64 2.1.1 OK

Check Details

Version: 2.1.1
Check: for non-standard things in the check directory
Result: NOTE
    Found the following files/directories:
     'mvMapper_Data.csv'
Flavors: r-devel-linux-x86_64-debian-clang, r-devel-linux-x86_64-debian-gcc, r-devel-linux-x86_64-fedora-clang, r-devel-linux-x86_64-fedora-gcc

Version: 2.1.1
Check: installed package size
Result: NOTE
     installed size is 5.4Mb
     sub-directories of 1Mb or more:
     R 1.4Mb
     data 1.3Mb
     files 1.9Mb
Flavor: r-patched-solaris-x86