CRAN Package Check Results for Package adaptMT

Last updated on 2019-09-19 16:47:53 CEST.

Flavor Version Tinstall Tcheck Ttotal Status Flags
r-devel-linux-x86_64-debian-clang 1.0.0 3.09 272.69 275.78 OK
r-devel-linux-x86_64-debian-gcc 1.0.0 2.09 198.74 200.83 OK
r-devel-linux-x86_64-fedora-clang 1.0.0 325.07 OK
r-devel-linux-x86_64-fedora-gcc 1.0.0 321.40 OK
r-devel-windows-ix86+x86_64 1.0.0 12.00 373.00 385.00 OK
r-patched-linux-x86_64 1.0.0 2.96 262.22 265.18 OK
r-patched-solaris-x86 1.0.0 590.40 OK
r-release-linux-x86_64 1.0.0 3.02 263.94 266.96 OK
r-release-windows-ix86+x86_64 1.0.0 7.00 316.00 323.00 OK
r-release-osx-x86_64 1.0.0 WARN
r-oldrel-windows-ix86+x86_64 1.0.0 5.00 283.00 288.00 OK
r-oldrel-osx-x86_64 1.0.0 OK

Check Details

Version: 1.0.0
Check: re-building of vignette outputs
Result: WARN
    Error(s) in re-building vignettes:
     ...
    --- re-building ‘adapt_demo.Rmd’ using rmarkdown
    Warning in engine$weave(file, quiet = quiet, encoding = enc) :
     Pandoc (>= 1.12.3) and/or pandoc-citeproc not available. Falling back to R Markdown v1.
    Error: processing vignette 'adapt_demo.Rmd' failed with diagnostics:
    there is no package called 'stringi'
    --- failed re-building ‘adapt_demo.Rmd’
    
    SUMMARY: processing the following file failed:
     ‘adapt_demo.Rmd’
    
    Error: Vignette re-building failed.
    Execution halted
Flavor: r-release-osx-x86_64