CRAN Package Check Results for Package adagio

Last updated on 2020-01-22 15:48:54 CET.

Flavor Version Tinstall Tcheck Ttotal Status Flags
r-devel-linux-x86_64-debian-clang 0.7.1 5.35 28.19 33.54 OK
r-devel-linux-x86_64-debian-gcc 0.7.1 4.46 22.20 26.66 OK
r-devel-linux-x86_64-fedora-clang 0.7.1 41.34 NOTE
r-devel-linux-x86_64-fedora-gcc 0.7.1 40.33 NOTE
r-devel-windows-ix86+x86_64 0.7.1 21.00 53.00 74.00 OK
r-devel-windows-ix86+x86_64-gcc8 0.7.1 14.00 56.00 70.00 OK
r-patched-linux-x86_64 0.7.1 4.36 26.05 30.41 OK
r-patched-solaris-x86 0.7.1 57.70 OK
r-release-linux-x86_64 0.7.1 4.13 26.11 30.24 OK
r-release-windows-ix86+x86_64 0.7.1 14.00 66.00 80.00 OK
r-release-osx-x86_64 0.7.1 OK
r-oldrel-windows-ix86+x86_64 0.7.1 10.00 42.00 52.00 OK
r-oldrel-osx-x86_64 0.7.1 OK

Check Details

Version: 0.7.1
Check: compiled code
Result: NOTE
    File ‘adagio/libs/adagio.so’:
     Found no calls to: ‘R_registerRoutines’, ‘R_useDynamicSymbols’
    
    It is good practice to register native routines and to disable symbol
    search.
    
    See ‘Writing portable packages’ in the ‘Writing R Extensions’ manual.
Flavors: r-devel-linux-x86_64-fedora-clang, r-devel-linux-x86_64-fedora-gcc