CRAN Package Check Results for Package activpalProcessing

Last updated on 2019-09-19 16:47:53 CEST.

Flavor Version Tinstall Tcheck Ttotal Status Flags
r-devel-linux-x86_64-debian-clang 1.0.2 9.06 44.27 53.33 OK
r-devel-linux-x86_64-debian-gcc 1.0.2 7.16 36.48 43.64 OK
r-devel-linux-x86_64-fedora-clang 1.0.2 67.87 NOTE
r-devel-linux-x86_64-fedora-gcc 1.0.2 66.59 OK
r-devel-windows-ix86+x86_64 1.0.2 17.00 61.00 78.00 NOTE
r-patched-linux-x86_64 1.0.2 8.11 44.86 52.97 OK
r-patched-solaris-x86 1.0.2 109.90 NOTE
r-release-linux-x86_64 1.0.2 9.37 45.69 55.06 OK
r-release-windows-ix86+x86_64 1.0.2 14.00 86.00 100.00 NOTE
r-release-osx-x86_64 1.0.2 NOTE
r-oldrel-windows-ix86+x86_64 1.0.2 12.00 86.00 98.00 NOTE
r-oldrel-osx-x86_64 1.0.2 NOTE

Check Details

Version: 1.0.2
Check: installed package size
Result: NOTE
     installed size is 5.6Mb
     sub-directories of 1Mb or more:
     data 5.4Mb
Flavors: r-devel-linux-x86_64-fedora-clang, r-devel-windows-ix86+x86_64, r-patched-solaris-x86, r-release-windows-ix86+x86_64, r-release-osx-x86_64, r-oldrel-windows-ix86+x86_64, r-oldrel-osx-x86_64