CRAN Package Check Results for Package accelmissing

Last updated on 2019-09-20 18:47:57 CEST.

Flavor Version Tinstall Tcheck Ttotal Status Flags
r-devel-linux-x86_64-debian-clang 1.4 10.80 100.37 111.17 NOTE
r-devel-linux-x86_64-debian-gcc 1.4 8.59 78.11 86.70 NOTE
r-devel-linux-x86_64-fedora-clang 1.4 133.98 NOTE
r-devel-linux-x86_64-fedora-gcc 1.4 128.95 NOTE
r-devel-windows-ix86+x86_64 1.4 33.00 216.00 249.00 OK
r-patched-linux-x86_64 1.4 10.06 96.86 106.92 OK
r-patched-solaris-x86 1.4 202.10 OK
r-release-linux-x86_64 1.4 9.14 95.60 104.74 OK
r-release-windows-ix86+x86_64 1.4 23.00 112.00 135.00 OK
r-release-osx-x86_64 1.4 OK
r-oldrel-windows-ix86+x86_64 1.4 14.00 102.00 116.00 OK
r-oldrel-osx-x86_64 1.4 OK

Check Details

Version: 1.4
Check: for non-standard things in the check directory
Result: NOTE
    Found the following files/directories:
     'acceldata2.RData'
Flavors: r-devel-linux-x86_64-debian-clang, r-devel-linux-x86_64-debian-gcc, r-devel-linux-x86_64-fedora-clang, r-devel-linux-x86_64-fedora-gcc