CRAN Package Check Results for Package acc

Last updated on 2019-09-19 16:47:53 CEST.

Flavor Version Tinstall Tcheck Ttotal Status Flags
r-devel-linux-x86_64-debian-clang 1.3.3 54.65 60.89 115.54 OK
r-devel-linux-x86_64-debian-gcc 1.3.3 42.31 47.40 89.71 OK
r-devel-linux-x86_64-fedora-clang 1.3.3 164.63 NOTE
r-devel-linux-x86_64-fedora-gcc 1.3.3 153.99 NOTE
r-devel-windows-ix86+x86_64 1.3.3 136.00 148.00 284.00 OK
r-patched-linux-x86_64 1.3.3 48.40 58.76 107.16 OK
r-patched-solaris-x86 1.3.3 169.80 OK
r-release-linux-x86_64 1.3.3 48.14 59.98 108.12 OK
r-release-windows-ix86+x86_64 1.3.3 100.00 100.00 200.00 OK
r-release-osx-x86_64 1.3.3 OK
r-oldrel-windows-ix86+x86_64 1.3.3 108.00 104.00 212.00 OK
r-oldrel-osx-x86_64 1.3.3 OK

Check Details

Version: 1.3.3
Check: compiled code
Result: NOTE
    File ‘acc/libs/acc.so’:
     Found no calls to: ‘R_registerRoutines’, ‘R_useDynamicSymbols’
    
    It is good practice to register native routines and to disable symbol
    search.
    
    See ‘Writing portable packages’ in the ‘Writing R Extensions’ manual.
Flavors: r-devel-linux-x86_64-fedora-clang, r-devel-linux-x86_64-fedora-gcc