CRAN Package Check Results for Package aMNLFA

Last updated on 2019-09-20 01:47:38 CEST.

Flavor Version Tinstall Tcheck Ttotal Status Flags
r-devel-linux-x86_64-debian-clang 0.1 4.25 42.10 46.35 OK
r-devel-linux-x86_64-debian-gcc 0.1 4.34 32.68 37.02 OK
r-devel-linux-x86_64-fedora-clang 0.1 56.17 NOTE
r-devel-linux-x86_64-fedora-gcc 0.1 55.15 NOTE
r-devel-windows-ix86+x86_64 0.1 20.00 92.00 112.00 OK
r-patched-linux-x86_64 0.1 4.19 42.53 46.72 OK
r-patched-solaris-x86 0.1 79.60 NOTE
r-release-linux-x86_64 0.1 4.37 42.03 46.40 OK
r-release-windows-ix86+x86_64 0.1 10.00 57.00 67.00 OK
r-release-osx-x86_64 0.1 NOTE
r-oldrel-windows-ix86+x86_64 0.1 7.00 53.00 60.00 OK
r-oldrel-osx-x86_64 0.1 NOTE

Check Details

Version: 0.1
Check: dependencies in R code
Result: NOTE
    Namespaces in Imports field not imported from:
     ‘devtools’ ‘gridExtra’
     All declared Imports should be used.
Flavors: r-devel-linux-x86_64-fedora-clang, r-devel-linux-x86_64-fedora-gcc, r-patched-solaris-x86, r-release-osx-x86_64, r-oldrel-osx-x86_64