CRAN Package Check Results for Package Xplortext

Last updated on 2019-08-20 09:48:10 CEST.

Flavor Version Tinstall Tcheck Ttotal Status Flags
r-devel-linux-x86_64-debian-clang 1.2.1 10.93 78.94 89.87 OK
r-devel-linux-x86_64-debian-gcc 1.2.1 8.98 59.75 68.73 OK
r-devel-linux-x86_64-fedora-clang 1.2.1 105.36 NOTE
r-devel-linux-x86_64-fedora-gcc 1.2.1 101.15 NOTE
r-devel-windows-ix86+x86_64 1.2.1 31.00 132.00 163.00 OK
r-patched-linux-x86_64 1.2.1 9.81 77.05 86.86 OK
r-patched-solaris-x86 1.2.1 154.60 NOTE
r-release-linux-x86_64 1.2.1 10.64 76.94 87.58 OK
r-release-windows-ix86+x86_64 1.2.1 19.00 80.00 99.00 OK
r-release-osx-x86_64 1.2.1 NOTE
r-oldrel-windows-ix86+x86_64 1.2.1 21.00 127.00 148.00 OK
r-oldrel-osx-x86_64 1.2.1 NOTE

Check Details

Version: 1.2.1
Check: dependencies in R code
Result: NOTE
    Namespaces in Imports field not imported from:
     ‘MASS’ ‘ggdendro’
     All declared Imports should be used.
Flavors: r-devel-linux-x86_64-fedora-clang, r-devel-linux-x86_64-fedora-gcc, r-patched-solaris-x86, r-release-osx-x86_64, r-oldrel-osx-x86_64