CRAN Package Check Results for Package Xplortext

Last updated on 2019-12-16 04:48:27 CET.

Flavor Version Tinstall Tcheck Ttotal Status Flags
r-devel-linux-x86_64-debian-clang 1.2.1 11.76 84.80 96.56 OK
r-devel-linux-x86_64-debian-gcc 1.2.1 10.01 63.76 73.77 OK
r-devel-linux-x86_64-fedora-clang 1.2.1 113.49 NOTE
r-devel-linux-x86_64-fedora-gcc 1.2.1 117.32 NOTE
r-devel-windows-ix86+x86_64 1.2.1 27.00 133.00 160.00 OK
r-devel-windows-ix86+x86_64-gcc8 1.2.1 35.00 132.00 167.00 OK
r-patched-linux-x86_64 1.2.1 10.82 74.92 85.74 OK
r-patched-solaris-x86 1.2.1 148.00 NOTE
r-release-linux-x86_64 1.2.1 9.28 75.18 84.46 OK
r-release-windows-ix86+x86_64 1.2.1 17.00 84.00 101.00 OK
r-release-osx-x86_64 1.2.1 NOTE
r-oldrel-windows-ix86+x86_64 1.2.1 15.00 85.00 100.00 OK
r-oldrel-osx-x86_64 1.2.1 NOTE

Check Details

Version: 1.2.1
Check: dependencies in R code
Result: NOTE
    Namespaces in Imports field not imported from:
     ‘MASS’ ‘ggdendro’
     All declared Imports should be used.
Flavors: r-devel-linux-x86_64-fedora-clang, r-devel-linux-x86_64-fedora-gcc, r-patched-solaris-x86, r-release-osx-x86_64, r-oldrel-osx-x86_64