CRAN Package Check Results for Package XGR

Last updated on 2019-09-19 16:48:14 CEST.

Flavor Version Tinstall Tcheck Ttotal Status Flags
r-devel-linux-x86_64-debian-clang 1.1.6 36.87 241.08 277.95 OK
r-devel-linux-x86_64-debian-gcc 1.1.6 30.32 184.63 214.95 OK
r-devel-linux-x86_64-fedora-clang 1.1.6 340.24 OK
r-devel-linux-x86_64-fedora-gcc 1.1.6 336.64 OK
r-devel-windows-ix86+x86_64 1.1.6 81.00 347.00 428.00 OK
r-patched-linux-x86_64 1.1.6 33.31 233.52 266.83 OK
r-patched-solaris-x86 1.1.6 458.30 OK
r-release-linux-x86_64 1.1.6 32.74 233.42 266.16 OK
r-release-windows-ix86+x86_64 1.1.6 64.00 256.00 320.00 OK
r-release-osx-x86_64 1.1.6 ERROR
r-oldrel-windows-ix86+x86_64 1.1.6 39.00 214.00 253.00 OK
r-oldrel-osx-x86_64 1.1.6 NOTE

Check Details

Version: 1.1.6
Check: package dependencies
Result: ERROR
    Packages required but not available:
     'dnet', 'GenomicRanges', 'IRanges', 'S4Vectors', 'supraHex',
     'BiocGenerics'
    
    Packages suggested but not available for checking:
     'GenomeInfoDb', 'rtracklayer'
    
    See section ‘The DESCRIPTION file’ in the ‘Writing R Extensions’
    manual.
Flavor: r-release-osx-x86_64

Version: 1.1.6
Check: package dependencies
Result: NOTE
    Package suggested but not available for checking: ‘rtracklayer’
Flavor: r-oldrel-osx-x86_64