CRAN Package Check Results for Package VIMGUI

Last updated on 2019-09-19 14:47:01 CEST.

Flavor Version Tinstall Tcheck Ttotal Status Flags
r-devel-linux-x86_64-debian-clang 0.10.0 28.30 200.99 229.29 OK
r-devel-linux-x86_64-debian-gcc 0.10.0 23.20 163.72 186.92 OK
r-devel-linux-x86_64-fedora-clang 0.10.0 273.17 OK
r-devel-linux-x86_64-fedora-gcc 0.10.0 270.69 OK
r-devel-windows-ix86+x86_64 0.10.0 145.00 7.00 152.00 ERROR
r-patched-linux-x86_64 0.10.0 27.08 210.35 237.43 OK
r-patched-solaris-x86 0.10.0 418.00 OK
r-release-linux-x86_64 0.10.0 28.88 207.98 236.86 OK
r-release-windows-ix86+x86_64 0.10.0 45.00 178.00 223.00 OK
r-release-osx-x86_64 0.10.0 OK
r-oldrel-windows-ix86+x86_64 0.10.0 30.00 181.00 211.00 OK
r-oldrel-osx-x86_64 0.10.0 OK

Check Details

Version: 0.10.0
Check: whether package can be installed
Result: ERROR
    Installation failed.
Flavor: r-devel-windows-ix86+x86_64