CRAN Package Check Results for Package TreeLS

Last updated on 2019-05-27 06:50:14 CEST.

Flavor Version Tinstall Tcheck Ttotal Status Flags
r-devel-linux-x86_64-debian-clang 1.0 52.88 116.70 169.58 OK
r-devel-linux-x86_64-debian-gcc 1.0 46.24 88.76 135.00 OK
r-devel-linux-x86_64-fedora-clang 1.0 216.46 NOTE
r-devel-linux-x86_64-fedora-gcc 1.0 201.34 OK
r-devel-windows-ix86+x86_64 1.0 106.00 210.00 316.00 OK
r-patched-linux-x86_64 1.0 OK
r-patched-solaris-x86 1.0 280.30 OK
r-release-linux-x86_64 1.0 52.65 109.56 162.21 OK
r-release-windows-ix86+x86_64 1.0 159.00 213.00 372.00 OK
r-release-osx-x86_64 1.0 WARN
r-oldrel-windows-ix86+x86_64 1.0 144.00 160.00 304.00 OK
r-oldrel-osx-x86_64 1.0 NOTE

Additional issues

valgrind

Check Details

Version: 1.0
Check: installed package size
Result: NOTE
     installed size is 13.3Mb
     sub-directories of 1Mb or more:
     extdata 1.4Mb
     libs 11.7Mb
Flavors: r-devel-linux-x86_64-fedora-clang, r-release-osx-x86_64, r-oldrel-osx-x86_64

Version: 1.0
Check: whether package can be installed
Result: WARN
    Found the following significant warnings:
     Warning: 'rgl_init' failed, running with rgl.useNULL = TRUE
Flavor: r-release-osx-x86_64