CRAN Package Check Results for Package TreeLS

Last updated on 2019-08-19 11:49:16 CEST.

Flavor Version Tinstall Tcheck Ttotal Status Flags
r-devel-linux-x86_64-debian-clang 1.0 53.69 117.71 171.40 OK
r-devel-linux-x86_64-debian-gcc 1.0 45.67 90.62 136.29 OK
r-devel-linux-x86_64-fedora-clang 1.0 218.07 NOTE
r-devel-linux-x86_64-fedora-gcc 1.0 211.18 OK
r-devel-windows-ix86+x86_64 1.0 153.00 224.00 377.00 OK
r-patched-linux-x86_64 1.0 54.13 111.05 165.18 OK
r-patched-solaris-x86 1.0 229.90 OK
r-release-linux-x86_64 1.0 48.20 109.04 157.24 OK
r-release-windows-ix86+x86_64 1.0 126.00 157.00 283.00 OK
r-release-osx-x86_64 1.0 WARN
r-oldrel-windows-ix86+x86_64 1.0 139.00 212.00 351.00 OK
r-oldrel-osx-x86_64 1.0 NOTE

Additional issues

valgrind

Check Details

Version: 1.0
Check: installed package size
Result: NOTE
     installed size is 13.6Mb
     sub-directories of 1Mb or more:
     extdata 1.4Mb
     libs 12.0Mb
Flavors: r-devel-linux-x86_64-fedora-clang, r-release-osx-x86_64, r-oldrel-osx-x86_64

Version: 1.0
Check: whether package can be installed
Result: WARN
    Found the following significant warnings:
     Warning: 'rgl_init' failed, running with rgl.useNULL = TRUE
Flavor: r-release-osx-x86_64