CRAN Package Check Results for Package TrafficBDE

Last updated on 2019-07-16 07:51:09 CEST.

Flavor Version Tinstall Tcheck Ttotal Status Flags
r-devel-linux-x86_64-debian-clang 0.1.0 10.86 97.46 108.32 OK
r-devel-linux-x86_64-debian-gcc 0.1.0 9.32 76.11 85.43 OK
r-devel-linux-x86_64-fedora-clang 0.1.0 131.27 NOTE
r-devel-linux-x86_64-fedora-gcc 0.1.0 126.50 NOTE
r-devel-windows-ix86+x86_64 0.1.0 39.00 165.00 204.00 OK
r-patched-linux-x86_64 0.1.0 10.06 95.29 105.35 OK
r-patched-solaris-x86 0.1.0 206.60 NOTE
r-release-linux-x86_64 0.1.0 10.47 95.27 105.74 OK
r-release-windows-ix86+x86_64 0.1.0 24.00 158.00 182.00 OK
r-release-osx-x86_64 0.1.0 NOTE
r-oldrel-windows-ix86+x86_64 0.1.0 20.00 142.00 162.00 OK
r-oldrel-osx-x86_64 0.1.0 NOTE

Check Details

Version: 0.1.0
Check: dependencies in R code
Result: NOTE
    Namespace in Imports field not imported from: ‘neuralnet’
     All declared Imports should be used.
Flavors: r-devel-linux-x86_64-fedora-clang, r-devel-linux-x86_64-fedora-gcc, r-patched-solaris-x86, r-release-osx-x86_64, r-oldrel-osx-x86_64