CRAN Package Check Results for Package TraMineR

Last updated on 2018-07-20 15:48:44 CEST.

Flavor Version Tinstall Tcheck Ttotal Status Flags
r-devel-linux-x86_64-debian-clang 2.0-8 28.59 236.18 264.77 OK
r-devel-linux-x86_64-debian-gcc 2.0-8 25.44 181.18 206.62 OK
r-devel-linux-x86_64-fedora-clang 2.0-8 307.83 OK
r-devel-linux-x86_64-fedora-gcc 2.0-8 291.04 OK
r-devel-windows-ix86+x86_64 2.0-8 72.00 439.00 511.00 OK
r-patched-linux-x86_64 2.0-8 28.75 221.04 249.79 OK
r-patched-solaris-x86 2.0-8 395.50 OK
r-release-linux-x86_64 2.0-8 29.70 218.32 248.02 OK
r-release-windows-ix86+x86_64 2.0-8 95.00 379.00 474.00 OK
r-release-osx-x86_64 2.0-8 OK
r-oldrel-windows-ix86+x86_64 2.0-8 82.00 287.00 369.00 WARN
r-oldrel-osx-x86_64 2.0-8 OK

Check Details

Version: 2.0-8
Check: whether package can be installed
Result: WARN
    Found the following significant warnings:
     Warning: S3 methods '[.fun_list', '[.grouped_df', 'all.equal.tbl_df', 'anti_join.data.frame', 'anti_join.tbl_df', 'arrange.data.frame', 'arrange.default', 'arrange.grouped_df', 'arrange.tbl_df', 'arrange_.data.frame', 'arrange_.tbl_df', 'as.data.frame.grouped_df', 'as.data.frame.rowwise_df', 'as.data.frame.tbl_cube', 'as.data.frame.tbl_df', 'as.table.tbl_cube', 'as.tbl.data.frame', 'as.tbl.tbl', 'as.tbl_cube.array', 'as.tbl_cube.data.frame', 'as.tbl_cube.matrix', 'as.tbl_cube.table', 'as_data_frame.grouped_df', 'as_data_frame.tbl_cube', 'auto_copy.tbl_cube', 'auto_copy.tbl_df', 'cbind.grouped_df', 'collapse.data.frame', 'collect.data.frame', 'common_by.NULL', 'common_by.character', 'common_by.default', 'common_by.list', 'compute.data.frame', 'copy_to.DBIConnection', 'copy_to.src_local', 'default_missing.data.frame', 'default_missing.default', 'dim.tbl_cube', 'distinct.data.frame', 'distinct.default', 'distinct.grouped_df', 'distinct.tbl_df', 'distinct_.data.frame', 'distinct_.grouped_df', 'dist [... truncated]
Flavor: r-oldrel-windows-ix86+x86_64