CRAN Package Check Results for Package TraMineR

Last updated on 2018-10-18 23:48:55 CEST.

Flavor Version Tinstall Tcheck Ttotal Status Flags
r-devel-linux-x86_64-debian-clang 2.0-9 30.82 210.64 241.46 OK
r-devel-linux-x86_64-debian-gcc 2.0-9 24.97 161.32 186.29 OK
r-devel-linux-x86_64-fedora-clang 2.0-9 293.07 OK
r-devel-linux-x86_64-fedora-gcc 2.0-9 275.35 OK
r-devel-windows-ix86+x86_64 2.0-9 105.00 379.00 484.00 WARN
r-patched-linux-x86_64 2.0-9 30.14 205.24 235.38 OK
r-patched-solaris-x86 2.0-9 393.80 OK
r-release-linux-x86_64 2.0-9 27.64 206.69 234.33 OK
r-release-windows-ix86+x86_64 2.0-9 106.00 386.00 492.00 OK
r-release-osx-x86_64 2.0-9 OK
r-oldrel-windows-ix86+x86_64 2.0-9 66.00 366.00 432.00 OK
r-oldrel-osx-x86_64 2.0-9 OK

Check Details

Version: 2.0-9
Check: whether package can be installed
Result: WARN
    Found the following significant warnings:
     Warning: S3 methods '[.fun_list', '[.grouped_df', 'all.equal.tbl_df', 'anti_join.data.frame', 'anti_join.tbl_df', 'arrange.data.frame', 'arrange.default', 'arrange.grouped_df', 'arrange.tbl_df', 'arrange_.data.frame', 'arrange_.tbl_df', 'as.data.frame.grouped_df', 'as.data.frame.rowwise_df', 'as.data.frame.tbl_cube', 'as.data.frame.tbl_df', 'as.table.tbl_cube', 'as.tbl.data.frame', 'as.tbl.tbl', 'as.tbl_cube.array', 'as.tbl_cube.data.frame', 'as.tbl_cube.matrix', 'as.tbl_cube.table', 'as_data_frame.grouped_df', 'as_data_frame.tbl_cube', 'auto_copy.tbl_cube', 'auto_copy.tbl_df', 'cbind.grouped_df', 'collapse.data.frame', 'collect.data.frame', 'common_by.NULL', 'common_by.character', 'common_by.default', 'common_by.list', 'compute.data.frame', 'copy_to.DBIConnection', 'copy_to.src_local', 'default_missing.data.frame', 'default_missing.default', 'dim.tbl_cube', 'distinct.data.frame', 'distinct.default', 'distinct.grouped_df', 'distinct.tbl_df', 'distinct_.data.frame', 'distinct_.grouped_df', 'dist [... truncated]
Flavor: r-devel-windows-ix86+x86_64