CRAN Package Check Results for Package TTCA

Last updated on 2019-10-20 21:48:49 CEST.

Flavor Version Tinstall Tcheck Ttotal Status Flags
r-devel-linux-x86_64-debian-clang 0.1.1 11.71 70.43 82.14 OK
r-devel-linux-x86_64-debian-gcc 0.1.1 9.83 55.93 65.76 OK
r-devel-linux-x86_64-fedora-clang 0.1.1 101.14 OK
r-devel-linux-x86_64-fedora-gcc 0.1.1 104.55 OK
r-devel-windows-ix86+x86_64 0.1.1 21.00 78.00 99.00 OK
r-patched-linux-x86_64 0.1.1 12.39 68.99 81.38 OK
r-patched-solaris-x86 0.1.1 147.00 OK
r-release-linux-x86_64 0.1.1 12.38 70.04 82.42 OK
r-release-windows-ix86+x86_64 0.1.1 24.00 77.00 101.00 OK
r-release-osx-x86_64 0.1.1 FAIL
r-oldrel-windows-ix86+x86_64 0.1.1 14.00 72.00 86.00 OK
r-oldrel-osx-x86_64 0.1.1 OK

Check Details

Version: 0.1.1
Check: whether package can be installed
Result: FAIL
    
Flavor: r-release-osx-x86_64