CRAN Package Check Results for Package TSdist

Last updated on 2017-12-14 13:48:38 CET.

Flavor Version Tinstall Tcheck Ttotal Status Flags
r-devel-linux-x86_64-debian-clang 3.4 4.22 40.79 45.01 FAIL
r-devel-linux-x86_64-debian-gcc 3.4 3.97 35.72 39.69 FAIL
r-devel-linux-x86_64-fedora-clang 3.4 115.74 OK
r-devel-linux-x86_64-fedora-gcc 3.4 112.34 OK
r-devel-windows-ix86+x86_64 3.4 23.00 222.00 245.00 OK
r-patched-linux-x86_64 3.4 4.77 97.43 102.20 OK
r-patched-solaris-x86 3.4 146.40 OK
r-release-linux-x86_64 3.4 4.92 95.33 100.25 OK
r-release-windows-ix86+x86_64 3.4 14.00 153.00 167.00 OK
r-release-osx-x86_64 3.4 OK
r-oldrel-windows-ix86+x86_64 3.4 15.00 191.00 206.00 OK
r-oldrel-osx-x86_64 3.4 OK

Check Details

Version: 3.4
Check: pragmas in C/C++ headers and code
Result: FAIL
    
Flavors: r-devel-linux-x86_64-debian-clang, r-devel-linux-x86_64-debian-gcc