CRAN Package Check Results for Package TH.data

Last updated on 2019-06-18 18:55:07 CEST.

Flavor Version Tinstall Tcheck Ttotal Status Flags
r-devel-linux-x86_64-debian-clang 1.0-10 4.76 27.74 32.50 OK
r-devel-linux-x86_64-debian-gcc 1.0-10 4.66 23.03 27.69 OK
r-devel-linux-x86_64-fedora-clang 1.0-10 38.93 NOTE
r-devel-linux-x86_64-fedora-gcc 1.0-10 38.54 OK
r-devel-windows-ix86+x86_64 1.0-10 14.00 54.00 68.00 NOTE
r-patched-linux-x86_64 1.0-10 4.91 27.44 32.35 OK
r-patched-solaris-x86 1.0-10 65.50 NOTE
r-release-linux-x86_64 1.0-10 4.77 27.29 32.06 OK
r-release-windows-ix86+x86_64 1.0-10 16.00 58.00 74.00 NOTE
r-release-osx-x86_64 1.0-10 NOTE
r-oldrel-windows-ix86+x86_64 1.0-10 7.00 52.00 59.00 NOTE
r-oldrel-osx-x86_64 1.0-10 NOTE

Check Details

Version: 1.0-10
Check: installed package size
Result: NOTE
     installed size is 8.5Mb
     sub-directories of 1Mb or more:
     data 1.2Mb
     rda 7.1Mb
Flavors: r-devel-linux-x86_64-fedora-clang, r-devel-windows-ix86+x86_64, r-patched-solaris-x86, r-release-windows-ix86+x86_64, r-release-osx-x86_64, r-oldrel-windows-ix86+x86_64, r-oldrel-osx-x86_64