CRAN Package Check Results for Package SplitReg

Last updated on 2019-09-19 10:48:04 CEST.

Flavor Version Tinstall Tcheck Ttotal Status Flags
r-devel-linux-x86_64-debian-clang 1.0.0 34.28 67.32 101.60 WARN
r-devel-linux-x86_64-debian-gcc 1.0.0 27.56 42.68 70.24 WARN
r-devel-linux-x86_64-fedora-clang 1.0.0 138.54 WARN
r-devel-linux-x86_64-fedora-gcc 1.0.0 159.75 WARN
r-devel-windows-ix86+x86_64 1.0.0 110.00 235.00 345.00 NOTE
r-patched-linux-x86_64 1.0.0 31.03 90.27 121.30 OK
r-patched-solaris-x86 1.0.0 174.20 OK
r-release-linux-x86_64 1.0.0 28.75 90.00 118.75 OK
r-release-windows-ix86+x86_64 1.0.0 54.00 204.00 258.00 OK
r-release-osx-x86_64 1.0.0 OK
r-oldrel-windows-ix86+x86_64 1.0.0 48.00 196.00 244.00 OK
r-oldrel-osx-x86_64 1.0.0 OK

Additional issues

clang-UBSAN MKL

Check Details

Version: 1.0.0
Check: whether package can be installed
Result: WARN
    Found the following significant warnings:
     'config' variable 'CPP' is deprecated
     'config' variable 'CXXCPP' is deprecated
Flavors: r-devel-linux-x86_64-debian-clang, r-devel-linux-x86_64-debian-gcc, r-devel-linux-x86_64-fedora-clang, r-devel-linux-x86_64-fedora-gcc

Version: 1.0.0
Check: use of PKG_*FLAGS in Makefiles
Result: NOTE
     PKG_CFLAGS set in 'src/Makevars.in' without any corresponding files
Flavors: r-devel-linux-x86_64-debian-clang, r-devel-linux-x86_64-debian-gcc, r-devel-windows-ix86+x86_64

Version: 1.0.0
Check: use of PKG_*FLAGS in Makefiles
Result: NOTE
     PKG_CFLAGS set in ‘src/Makevars’ without any corresponding files
     PKG_CFLAGS set in ‘src/Makevars.in’ without any corresponding files
Flavors: r-devel-linux-x86_64-fedora-clang, r-devel-linux-x86_64-fedora-gcc