CRAN Package Check Results for Package SpaDES.addins

Last updated on 2019-09-19 14:46:59 CEST.

Flavor Version Tinstall Tcheck Ttotal Status Flags
r-devel-linux-x86_64-debian-clang 0.1.2 17.61 149.23 166.84 OK
r-devel-linux-x86_64-debian-gcc 0.1.2 17.87 116.95 134.82 OK
r-devel-linux-x86_64-fedora-clang 0.1.2 206.75 NOTE
r-devel-linux-x86_64-fedora-gcc 0.1.2 204.88 NOTE
r-devel-windows-ix86+x86_64 0.1.2 60.00 241.00 301.00 OK
r-patched-linux-x86_64 0.1.2 17.31 144.78 162.09 OK
r-patched-solaris-x86 0.1.2 336.90 NOTE
r-release-linux-x86_64 0.1.2 19.05 145.35 164.40 OK
r-release-windows-ix86+x86_64 0.1.2 35.00 150.00 185.00 OK
r-release-osx-x86_64 0.1.2 NOTE
r-oldrel-windows-ix86+x86_64 0.1.2 26.00 160.00 186.00 OK
r-oldrel-osx-x86_64 0.1.2 NOTE

Check Details

Version: 0.1.2
Check: dependencies in R code
Result: NOTE
    Namespaces in Imports field not imported from:
     ‘devtools’ ‘rstudioapi’
     All declared Imports should be used.
Flavors: r-devel-linux-x86_64-fedora-clang, r-devel-linux-x86_64-fedora-gcc, r-patched-solaris-x86, r-release-osx-x86_64, r-oldrel-osx-x86_64