CRAN Package Check Results for Package SixSigma

Last updated on 2019-09-17 22:48:19 CEST.

Flavor Version Tinstall Tcheck Ttotal Status Flags
r-devel-linux-x86_64-debian-clang 0.9-52 6.18 76.99 83.17 NOTE
r-devel-linux-x86_64-debian-gcc 0.9-52 5.15 58.67 63.82 NOTE
r-devel-linux-x86_64-fedora-clang 0.9-52 97.26 NOTE
r-devel-linux-x86_64-fedora-gcc 0.9-52 96.06 NOTE
r-devel-windows-ix86+x86_64 0.9-52 21.00 552.00 573.00 OK
r-patched-linux-x86_64 0.9-52 5.33 74.03 79.36 OK
r-patched-solaris-x86 0.9-52 120.20 OK
r-release-linux-x86_64 0.9-52 5.18 74.75 79.93 OK
r-release-windows-ix86+x86_64 0.9-52 13.00 276.00 289.00 OK
r-release-osx-x86_64 0.9-52 OK
r-oldrel-windows-ix86+x86_64 0.9-52 13.00 79.00 92.00 OK
r-oldrel-osx-x86_64 0.9-52 OK

Check Details

Version: 0.9-52
Check: for non-standard things in the check directory
Result: NOTE
    Found the following files/directories:
     'helicopter.pdf'
Flavors: r-devel-linux-x86_64-debian-clang, r-devel-linux-x86_64-debian-gcc, r-devel-linux-x86_64-fedora-clang, r-devel-linux-x86_64-fedora-gcc