CRAN Package Check Results for Package SimReg

Last updated on 2019-09-19 14:46:59 CEST.

Flavor Version Tinstall Tcheck Ttotal Status Flags
r-devel-linux-x86_64-debian-clang 3.0 26.89 154.94 181.83 OK
r-devel-linux-x86_64-debian-gcc 3.0 22.09 116.40 138.49 OK
r-devel-linux-x86_64-fedora-clang 3.0 228.32 NOTE
r-devel-linux-x86_64-fedora-gcc 3.0 217.94 NOTE
r-devel-windows-ix86+x86_64 3.0 83.00 185.00 268.00 OK
r-patched-linux-x86_64 3.0 26.65 149.91 176.56 OK
r-patched-solaris-x86 3.0 284.30 NOTE
r-release-linux-x86_64 3.0 23.74 153.04 176.78 OK
r-release-windows-ix86+x86_64 3.0 47.00 181.00 228.00 OK
r-release-osx-x86_64 3.0 ERROR
r-oldrel-windows-ix86+x86_64 3.0 50.00 169.00 219.00 OK
r-oldrel-osx-x86_64 3.0 NOTE

Check Details

Version: 3.0
Check: dependencies in R code
Result: NOTE
    Namespace in Imports field not imported from: ‘Rcpp’
     All declared Imports should be used.
Flavors: r-devel-linux-x86_64-fedora-clang, r-devel-linux-x86_64-fedora-gcc, r-patched-solaris-x86, r-oldrel-osx-x86_64

Version: 3.0
Check: compiled code
Result: NOTE
    File ‘SimReg/libs/SimReg.so’:
     Found no calls to: ‘R_registerRoutines’, ‘R_useDynamicSymbols’
    
    It is good practice to register native routines and to disable symbol
    search.
    
    See ‘Writing portable packages’ in the ‘Writing R Extensions’ manual.
Flavors: r-devel-linux-x86_64-fedora-clang, r-devel-linux-x86_64-fedora-gcc

Version: 3.0
Check: package dependencies
Result: ERROR
    Package required but not available: ‘ontologyPlot’
    
    See section ‘The DESCRIPTION file’ in the ‘Writing R Extensions’
    manual.
Flavor: r-release-osx-x86_64