CRAN Package Check Results for Package SimEUCartelLaw

Last updated on 2019-08-21 08:51:42 CEST.

Flavor Version Tinstall Tcheck Ttotal Status Flags
r-devel-linux-x86_64-debian-clang 1.0.1 3.78 31.09 34.87 OK
r-devel-linux-x86_64-debian-gcc 1.0.1 3.22 25.02 28.24 OK
r-devel-linux-x86_64-fedora-clang 1.0.1 42.90 OK
r-devel-linux-x86_64-fedora-gcc 1.0.1 41.06 OK
r-devel-windows-ix86+x86_64 1.0.1 15.00 80.00 95.00 OK
r-patched-linux-x86_64 1.0.1 3.93 30.51 34.44 OK
r-patched-solaris-x86 1.0.1 68.70 OK
r-release-linux-x86_64 1.0.1 3.76 30.92 34.68 OK
r-release-windows-ix86+x86_64 1.0.1 10.00 61.00 71.00 OK
r-release-osx-x86_64 1.0.1 WARN
r-oldrel-windows-ix86+x86_64 1.0.1 20.00 73.00 93.00 OK
r-oldrel-osx-x86_64 1.0.1 OK

Check Details

Version: 1.0.1
Check: whether package can be installed
Result: WARN
    Found the following significant warnings:
     Warning: 'rgl_init' failed, running with rgl.useNULL = TRUE
Flavor: r-release-osx-x86_64