CRAN Package Check Results for Package SimEUCartelLaw

Last updated on 2019-12-16 04:48:21 CET.

Flavor Version Tinstall Tcheck Ttotal Status Flags
r-devel-linux-x86_64-debian-clang 1.0.1 4.41 33.89 38.30 OK
r-devel-linux-x86_64-debian-gcc 1.0.1 3.55 27.53 31.08 OK
r-devel-linux-x86_64-fedora-clang 1.0.1 46.01 OK
r-devel-linux-x86_64-fedora-gcc 1.0.1 45.14 OK
r-devel-windows-ix86+x86_64 1.0.1 18.00 112.00 130.00 OK
r-devel-windows-ix86+x86_64-gcc8 1.0.1 31.00 90.00 121.00 OK
r-patched-linux-x86_64 1.0.1 3.82 30.86 34.68 OK
r-patched-solaris-x86 1.0.1 70.90 OK
r-release-linux-x86_64 1.0.1 3.29 31.41 34.70 OK
r-release-windows-ix86+x86_64 1.0.1 13.00 65.00 78.00 OK
r-release-osx-x86_64 1.0.1 WARN
r-oldrel-windows-ix86+x86_64 1.0.1 9.00 61.00 70.00 OK
r-oldrel-osx-x86_64 1.0.1 OK

Check Details

Version: 1.0.1
Check: whether package can be installed
Result: WARN
    Found the following significant warnings:
     Warning: 'rgl_init' failed, running with rgl.useNULL = TRUE
Flavor: r-release-osx-x86_64