CRAN Package Check Results for Package SeqGrapheR

Last updated on 2019-08-25 17:49:56 CEST.

Flavor Version Tinstall Tcheck Ttotal Status Flags
r-devel-linux-x86_64-debian-clang 0.4.8.5 16.25 122.84 139.09 OK
r-devel-linux-x86_64-debian-gcc 0.4.8.5 13.85 97.77 111.62 OK
r-devel-linux-x86_64-fedora-clang 0.4.8.5 174.73 OK
r-devel-linux-x86_64-fedora-gcc 0.4.8.5 177.91 OK
r-devel-windows-ix86+x86_64 0.4.8.5 106.00 5.00 111.00 ERROR
r-patched-linux-x86_64 0.4.8.5 13.38 120.98 134.36 OK
r-release-linux-x86_64 0.4.8.5 15.55 119.99 135.54 OK
r-release-windows-ix86+x86_64 0.4.8.5 36.00 165.00 201.00 OK
r-release-osx-x86_64 0.4.8.5 ERROR
r-oldrel-windows-ix86+x86_64 0.4.8.5 22.00 161.00 183.00 OK
r-oldrel-osx-x86_64 0.4.8.5 ERROR

Check Details

Version: 0.4.8.5
Check: whether package can be installed
Result: ERROR
    Installation failed.
Flavor: r-devel-windows-ix86+x86_64

Version: 0.4.8.5
Check: package dependencies
Result: ERROR
    Packages required but not available: 'Biostrings', 'rggobi'
    
    See section ‘The DESCRIPTION file’ in the ‘Writing R Extensions’
    manual.
Flavor: r-release-osx-x86_64

Version: 0.4.8.5
Check: package dependencies
Result: ERROR
    Package required but not available: ‘rggobi’
    
    See section ‘The DESCRIPTION file’ in the ‘Writing R Extensions’
    manual.
Flavor: r-oldrel-osx-x86_64