CRAN Package Check Results for Package Select

Last updated on 2019-09-20 01:47:55 CEST.

Flavor Version Tinstall Tcheck Ttotal Status Flags
r-devel-linux-x86_64-debian-clang 1.4 2.04 27.43 29.47 OK
r-devel-linux-x86_64-debian-gcc 1.4 1.78 21.84 23.62 OK
r-devel-linux-x86_64-fedora-clang 1.4 37.34 NOTE
r-devel-linux-x86_64-fedora-gcc 1.4 36.32 NOTE
r-devel-windows-ix86+x86_64 1.4 9.00 59.00 68.00 OK
r-patched-linux-x86_64 1.4 1.92 26.88 28.80 OK
r-patched-solaris-x86 1.4 58.70 NOTE
r-release-linux-x86_64 1.4 1.83 26.95 28.78 OK
r-release-windows-ix86+x86_64 1.4 5.00 40.00 45.00 OK
r-release-osx-x86_64 1.4 NOTE
r-oldrel-windows-ix86+x86_64 1.4 3.00 41.00 44.00 OK
r-oldrel-osx-x86_64 1.4 NOTE

Check Details

Version: 1.4
Check: dependencies in R code
Result: NOTE
    Namespace in Imports field not imported from: ‘FD’
     All declared Imports should be used.
Flavors: r-devel-linux-x86_64-fedora-clang, r-devel-linux-x86_64-fedora-gcc, r-patched-solaris-x86, r-release-osx-x86_64, r-oldrel-osx-x86_64