CRAN Package Check Results for Package SSN

Last updated on 2019-09-24 10:51:34 CEST.

Flavor Version Tinstall Tcheck Ttotal Status Flags
r-devel-linux-x86_64-debian-clang 1.1.13 16.80 182.01 198.81 OK
r-devel-linux-x86_64-debian-gcc 1.1.13 16.13 143.83 159.96 WARN
r-devel-linux-x86_64-fedora-clang 1.1.13 240.30 OK
r-devel-linux-x86_64-fedora-gcc 1.1.13 237.70 WARN
r-devel-windows-ix86+x86_64 1.1.13 65.00 412.00 477.00 OK
r-patched-linux-x86_64 1.1.13 20.63 178.12 198.75 WARN
r-patched-solaris-x86 1.1.13 331.40 NOTE
r-release-linux-x86_64 1.1.13 18.15 175.97 194.12 WARN
r-release-windows-ix86+x86_64 1.1.13 57.00 398.00 455.00 OK
r-release-osx-x86_64 1.1.13 OK
r-oldrel-windows-ix86+x86_64 1.1.13 35.00 257.00 292.00 OK
r-oldrel-osx-x86_64 1.1.13 OK

Check Details

Version: 1.1.13
Check: whether package can be installed
Result: WARN
    Found the following significant warnings:
     /usr/include/x86_64-linux-gnu/bits/string_fortified.h:106:10: warning: ‘__builtin_strncpy’ output may be truncated copying between 0 and 399 bytes from a string of length 399 [-Wstringop-truncation]
     /usr/include/x86_64-linux-gnu/bits/string_fortified.h:106:10: warning: ‘__builtin_strncpy’ output truncated before terminating nul copying as many bytes from a string as its length [-Wstringop-truncation]
     /usr/include/x86_64-linux-gnu/bits/string_fortified.h:106:10: warning: ‘__builtin_strncpy’ output may be truncated copying 11 bytes from a string of length 11 [-Wstringop-truncation]
Flavor: r-devel-linux-x86_64-debian-gcc

Version: 1.1.13
Check: whether package can be installed
Result: WARN
    Found the following significant warnings:
     /usr/include/bits/string_fortified.h:106:10: warning: ‘__builtin_strncpy’ output may be truncated copying between 0 and 399 bytes from a string of length 399 [-Wstringop-truncation]
     /usr/include/bits/string_fortified.h:106:10: warning: ‘__builtin_strncpy’ output truncated before terminating nul copying as many bytes from a string as its length [-Wstringop-truncation]
     /usr/include/bits/string_fortified.h:106:10: warning: ‘__builtin_strncpy’ output may be truncated copying 11 bytes from a string of length 11 [-Wstringop-truncation]
Flavor: r-devel-linux-x86_64-fedora-gcc

Version: 1.1.13
Check: whether package can be installed
Result: WARN
    Found the following significant warnings:
     dbfopenSSN.c:1119:6: warning: ‘strncpy’ output may be truncated copying between 0 and 399 bytes from a string of length 399 [-Wstringop-truncation]
     dbfopenSSN.c:1100:6: warning: ‘strncpy’ output may be truncated copying between 0 and 399 bytes from a string of length 399 [-Wstringop-truncation]
     dbfopenSSN.c:663:2: warning: ‘strncpy’ output truncated before terminating nul copying as many bytes from a string as its length [-Wstringop-truncation]
     dbfopenSSN.c:1511:2: warning: ‘strncpy’ output may be truncated copying 11 bytes from a string of length 11 [-Wstringop-truncation]
Flavors: r-patched-linux-x86_64, r-release-linux-x86_64

Version: 1.1.13
Check: installed package size
Result: NOTE
     installed size is 5.4Mb
     sub-directories of 1Mb or more:
     lsndata 2.9Mb
Flavor: r-patched-solaris-x86