CRAN Package Check Results for Package SMITIDstruct

Last updated on 2019-09-15 15:47:35 CEST.

Flavor Version Tinstall Tcheck Ttotal Status Flags
r-devel-linux-x86_64-debian-clang 0.0.5 15.13 123.06 138.19 OK
r-devel-linux-x86_64-debian-gcc 0.0.5 12.36 95.52 107.88 OK
r-devel-linux-x86_64-fedora-clang 0.0.5 178.62 OK
r-devel-linux-x86_64-fedora-gcc 0.0.5 168.55 OK
r-devel-windows-ix86+x86_64 0.0.5 49.00 174.00 223.00 OK
r-patched-linux-x86_64 0.0.5 13.49 116.98 130.47 OK
r-patched-solaris-x86 0.0.5 268.90 OK
r-release-linux-x86_64 0.0.5 13.60 115.69 129.29 OK
r-release-windows-ix86+x86_64 0.0.5 30.00 115.00 145.00 OK
r-release-osx-x86_64 0.0.5 ERROR
r-oldrel-windows-ix86+x86_64 0.0.5 29.00 127.00 156.00 WARN
r-oldrel-osx-x86_64 0.0.5 OK

Check Details

Version: 0.0.5
Check: package dependencies
Result: ERROR
    Package required but not available: ‘Biostrings’
    
    See section ‘The DESCRIPTION file’ in the ‘Writing R Extensions’
    manual.
Flavor: r-release-osx-x86_64

Version: 0.0.5
Check: whether package can be installed
Result: WARN
    Found the following significant warnings:
     Warning: S3 methods '[.fun_list', '[.grouped_df', 'all.equal.tbl_df', 'anti_join.data.frame', 'anti_join.tbl_df', 'arrange.data.frame', 'arrange.default', 'arrange.grouped_df', 'arrange.tbl_df', 'arrange_.data.frame', 'arrange_.tbl_df', 'as.data.frame.grouped_df', 'as.data.frame.rowwise_df', 'as.data.frame.tbl_cube', 'as.table.tbl_cube', 'as.tbl.data.frame', 'as.tbl.tbl', 'as.tbl_cube.array', 'as.tbl_cube.data.frame', 'as.tbl_cube.matrix', 'as.tbl_cube.table', 'as_tibble.grouped_df', 'as_tibble.tbl_cube', 'auto_copy.tbl_cube', 'auto_copy.tbl_df', 'cbind.grouped_df', 'collapse.data.frame', 'collect.data.frame', 'common_by.NULL', 'common_by.character', 'common_by.default', 'common_by.list', 'compute.data.frame', 'copy_to.DBIConnection', 'copy_to.src_local', 'default_missing.data.frame', 'default_missing.default', 'dim.tbl_cube', 'distinct.data.frame', 'distinct.default', 'distinct.grouped_df', 'distinct.tbl_df', 'distinct_.data.frame', 'distinct_.grouped_df', 'distinct_.tbl_df', 'do.NULL', 'do.da [... truncated]
Flavor: r-oldrel-windows-ix86+x86_64