CRAN Package Check Results for Package SIGN

Last updated on 2019-06-15 21:54:47 CEST.

Flavor Version Tinstall Tcheck Ttotal Status Flags
r-devel-linux-x86_64-debian-clang 0.1.0 18.50 144.92 163.42 OK
r-devel-linux-x86_64-debian-gcc 0.1.0 16.30 120.01 136.31 OK
r-devel-linux-x86_64-fedora-clang 0.1.0 197.66 NOTE
r-devel-linux-x86_64-fedora-gcc 0.1.0 192.14 NOTE
r-devel-windows-ix86+x86_64 0.1.0 49.00 154.00 203.00 OK
r-patched-linux-x86_64 0.1.0 19.41 145.86 165.27 OK
r-patched-solaris-x86 0.1.0 303.80 NOTE
r-release-linux-x86_64 0.1.0 17.99 146.62 164.61 OK
r-release-windows-ix86+x86_64 0.1.0 37.00 220.00 257.00 OK
r-release-osx-x86_64 0.1.0 ERROR
r-oldrel-windows-ix86+x86_64 0.1.0 24.00 192.00 216.00 OK
r-oldrel-osx-x86_64 0.1.0 NOTE

Check Details

Version: 0.1.0
Check: dependencies in R code
Result: NOTE
    Namespace in Imports field not imported from: ‘utils’
     All declared Imports should be used.
Flavors: r-devel-linux-x86_64-fedora-clang, r-devel-linux-x86_64-fedora-gcc, r-patched-solaris-x86, r-oldrel-osx-x86_64

Version: 0.1.0
Check: package dependencies
Result: ERROR
    Packages required but not available: 'survcomp', 'GSVA'
    
    See section ‘The DESCRIPTION file’ in the ‘Writing R Extensions’
    manual.
Flavor: r-release-osx-x86_64