CRAN Package Check Results for Package SIGN

Last updated on 2019-04-21 07:47:33 CEST.

Flavor Version Tinstall Tcheck Ttotal Status Flags
r-devel-linux-x86_64-debian-clang 0.1.0 18.09 146.97 165.06 OK
r-devel-linux-x86_64-debian-gcc 0.1.0 17.51 119.16 136.67 OK
r-devel-linux-x86_64-fedora-clang 0.1.0 197.37 NOTE
r-devel-linux-x86_64-fedora-gcc 0.1.0 196.75 NOTE
r-devel-windows-ix86+x86_64 0.1.0 46.00 145.00 191.00 OK
r-patched-linux-x86_64 0.1.0 18.92 148.44 167.36 OK
r-patched-solaris-x86 0.1.0 302.50 NOTE
r-release-linux-x86_64 0.1.0 13.46 146.08 159.54 OK
r-release-windows-ix86+x86_64 0.1.0 22.00 198.00 220.00 OK
r-release-osx-x86_64 0.1.0 NOTE
r-oldrel-windows-ix86+x86_64 0.1.0 23.00 196.00 219.00 OK
r-oldrel-osx-x86_64 0.1.0 NOTE

Check Details

Version: 0.1.0
Check: dependencies in R code
Result: NOTE
    Namespace in Imports field not imported from: ‘utils’
     All declared Imports should be used.
Flavors: r-devel-linux-x86_64-fedora-clang, r-devel-linux-x86_64-fedora-gcc, r-patched-solaris-x86, r-release-osx-x86_64, r-oldrel-osx-x86_64