CRAN Package Check Results for Package SELF

Last updated on 2019-05-22 06:47:50 CEST.

Flavor Version Tinstall Tcheck Ttotal Status Flags
r-devel-linux-x86_64-debian-clang 0.1.1 20.69 59.79 80.48 OK
r-devel-linux-x86_64-debian-gcc 0.1.1 15.62 46.58 62.20 OK
r-devel-linux-x86_64-fedora-clang 0.1.1 101.68 OK
r-devel-linux-x86_64-fedora-gcc 0.1.1 95.43 OK
r-devel-windows-ix86+x86_64 0.1.1 35.00 148.00 183.00 OK
r-patched-linux-x86_64 0.1.1 21.00 58.37 79.37 OK
r-patched-solaris-x86 0.1.1 3.40 ERROR
r-release-linux-x86_64 0.1.1 18.72 57.55 76.27 OK
r-release-windows-ix86+x86_64 0.1.1 52.00 101.00 153.00 OK
r-release-osx-x86_64 0.1.1 OK
r-oldrel-windows-ix86+x86_64 0.1.1 29.00 91.00 120.00 OK
r-oldrel-osx-x86_64 0.1.1 OK

Check Details

Version: 0.1.1
Check: package dependencies
Result: ERROR
    Package required but not available: ‘xgboost’
    
    See section ‘The DESCRIPTION file’ in the ‘Writing R Extensions’
    manual.
Flavor: r-patched-solaris-x86