CRAN Package Check Results for Package SELF

Last updated on 2019-07-16 07:51:04 CEST.

Flavor Version Tinstall Tcheck Ttotal Status Flags
r-devel-linux-x86_64-debian-clang 0.1.1 17.69 59.82 77.51 OK
r-devel-linux-x86_64-debian-gcc 0.1.1 17.21 46.84 64.05 OK
r-devel-linux-x86_64-fedora-clang 0.1.1 101.71 OK
r-devel-linux-x86_64-fedora-gcc 0.1.1 94.77 OK
r-devel-windows-ix86+x86_64 0.1.1 56.00 91.00 147.00 OK
r-patched-linux-x86_64 0.1.1 20.90 57.52 78.42 OK
r-patched-solaris-x86 0.1.1 3.60 ERROR
r-release-linux-x86_64 0.1.1 19.26 57.88 77.14 OK
r-release-windows-ix86+x86_64 0.1.1 32.00 127.00 159.00 OK
r-release-osx-x86_64 0.1.1 OK
r-oldrel-windows-ix86+x86_64 0.1.1 42.00 90.00 132.00 OK
r-oldrel-osx-x86_64 0.1.1 OK

Check Details

Version: 0.1.1
Check: package dependencies
Result: ERROR
    Package required but not available: ‘xgboost’
    
    See section ‘The DESCRIPTION file’ in the ‘Writing R Extensions’
    manual.
Flavor: r-patched-solaris-x86