CRAN Package Check Results for Package Rtextrankr

Last updated on 2019-12-16 05:46:43 CET.

Flavor Version Tinstall Tcheck Ttotal Status Flags
r-devel-linux-x86_64-debian-clang 1.0.0 11.27 79.80 91.07 OK
r-devel-linux-x86_64-debian-gcc 1.0.0 9.73 59.87 69.60 OK
r-devel-linux-x86_64-fedora-clang 1.0.0 109.48 OK
r-devel-linux-x86_64-fedora-gcc 1.0.0 106.17 OK
r-devel-windows-ix86+x86_64 1.0.0 14.00 7.00 21.00 ERROR
r-devel-windows-ix86+x86_64-gcc8 1.0.0 16.00 7.00 23.00 ERROR
r-patched-linux-x86_64 1.0.0 9.77 67.72 77.49 OK
r-patched-solaris-x86 1.0.0 130.80 OK
r-release-linux-x86_64 1.0.0 9.40 67.67 77.07 OK
r-release-windows-ix86+x86_64 1.0.0 20.00 85.00 105.00 OK
r-release-osx-x86_64 1.0.0 OK
r-oldrel-windows-ix86+x86_64 1.0.0 13.00 84.00 97.00 OK
r-oldrel-osx-x86_64 1.0.0 OK

Check Details

Version: 1.0.0
Check: whether package can be installed
Result: ERROR
    Installation failed.
Flavors: r-devel-windows-ix86+x86_64, r-devel-windows-ix86+x86_64-gcc8