CRAN Package Check Results for Package Rothermel

Last updated on 2019-09-24 10:51:31 CEST.

Flavor Version Tinstall Tcheck Ttotal Status Flags
r-devel-linux-x86_64-debian-clang 1.2 10.33 104.52 114.85 NOTE
r-devel-linux-x86_64-debian-gcc 1.2 9.51 80.78 90.29 NOTE
r-devel-linux-x86_64-fedora-clang 1.2 144.84 NOTE
r-devel-linux-x86_64-fedora-gcc 1.2 139.74 NOTE
r-devel-windows-ix86+x86_64 1.2 26.00 174.00 200.00 NOTE
r-patched-linux-x86_64 1.2 9.45 100.40 109.85 NOTE
r-patched-solaris-x86 1.2 202.30 NOTE
r-release-linux-x86_64 1.2 9.03 101.00 110.03 NOTE
r-release-windows-ix86+x86_64 1.2 45.00 164.00 209.00 NOTE
r-release-osx-x86_64 1.2 NOTE
r-oldrel-windows-ix86+x86_64 1.2 14.00 120.00 134.00 NOTE
r-oldrel-osx-x86_64 1.2 NOTE

Check Details

Version: 1.2
Check: R code for possible problems
Result: NOTE
    bestFM: no visible global function definition for 'data'
    gaRoth: no visible global function definition for 'data'
    ros: no visible global function definition for 'na.omit'
    rosunc: no visible global function definition for 'rnorm'
    Undefined global functions or variables:
     data na.omit rnorm
    Consider adding
     importFrom("stats", "na.omit", "rnorm")
     importFrom("utils", "data")
    to your NAMESPACE file.
Flavors: r-devel-linux-x86_64-debian-clang, r-devel-linux-x86_64-debian-gcc, r-devel-linux-x86_64-fedora-clang, r-devel-linux-x86_64-fedora-gcc, r-devel-windows-ix86+x86_64, r-patched-linux-x86_64, r-patched-solaris-x86, r-release-linux-x86_64, r-release-windows-ix86+x86_64, r-release-osx-x86_64, r-oldrel-windows-ix86+x86_64, r-oldrel-osx-x86_64