CRAN Package Check Results for Package RobLoxBioC

Last updated on 2019-09-19 16:48:09 CEST.

Flavor Version Tinstall Tcheck Ttotal Status Flags
r-devel-linux-x86_64-debian-clang 1.2.0 24.24 219.84 244.08 OK
r-devel-linux-x86_64-debian-gcc 1.2.0 22.31 170.60 192.91 OK
r-devel-linux-x86_64-fedora-clang 1.2.0 312.45 OK
r-devel-linux-x86_64-fedora-gcc 1.2.0 291.24 OK
r-devel-windows-ix86+x86_64 1.2.0 82.00 211.00 293.00 OK
r-patched-linux-x86_64 1.2.0 23.50 205.08 228.58 OK
r-patched-solaris-x86 1.2.0 455.00 NOTE
r-release-linux-x86_64 1.2.0 21.95 207.66 229.61 OK
r-release-windows-ix86+x86_64 1.2.0 47.00 7.00 54.00 ERROR
r-release-osx-x86_64 1.2.0 ERROR
r-oldrel-windows-ix86+x86_64 1.2.0 26.00 194.00 220.00 OK
r-oldrel-osx-x86_64 1.2.0 NOTE

Check Details

Version: 1.2.0
Check: package dependencies
Result: NOTE
    Packages suggested but not available for checking:
     'affydata', 'hgu95av2cdf', 'illuminaHumanv3.db'
Flavor: r-patched-solaris-x86

Version: 1.2.0
Check: whether package can be installed
Result: ERROR
    Installation failed.
Flavor: r-release-windows-ix86+x86_64

Version: 1.2.0
Check: package dependencies
Result: ERROR
    Packages required but not available:
     'affy', 'Biobase', 'BiocGenerics', 'beadarray', 'RobLox',
     'AnnotationDbi'
    
    Packages suggested but not available for checking:
     'affydata', 'hgu95av2cdf', 'beadarrayExampleData',
     'illuminaHumanv3.db'
    
    See section ‘The DESCRIPTION file’ in the ‘Writing R Extensions’
    manual.
Flavor: r-release-osx-x86_64

Version: 1.2.0
Check: package dependencies
Result: NOTE
    Packages suggested but not available for checking:
     ‘affydata’ ‘hgu95av2cdf’ ‘beadarrayExampleData’ ‘illuminaHumanv3.db’
Flavor: r-oldrel-osx-x86_64