CRAN Package Check Results for Package Rmixmod

Last updated on 2019-09-15 19:49:12 CEST.

Flavor Version Tinstall Tcheck Ttotal Status Flags
r-devel-linux-x86_64-debian-clang 2.1.2.2 418.39 57.26 475.65 OK
r-devel-linux-x86_64-debian-gcc 2.1.2.2 390.72 62.93 453.65 OK
r-devel-linux-x86_64-fedora-clang 2.1.2.2 846.04 NOTE
r-devel-linux-x86_64-fedora-gcc 2.1.2.2 798.17 OK
r-devel-windows-ix86+x86_64 2.1.2.2 1194.00 120.00 1314.00 OK
r-patched-linux-x86_64 2.1.2.2 494.53 76.88 571.41 OK
r-patched-solaris-x86 2.1.2.2 774.10 OK
r-release-linux-x86_64 2.1.2.2 480.60 76.49 557.09 OK
r-release-windows-ix86+x86_64 2.1.2.2 857.00 124.00 981.00 OK
r-release-osx-x86_64 2.1.2.2 NOTE
r-oldrel-windows-ix86+x86_64 2.1.2.2 1200.00 111.00 1311.00 OK
r-oldrel-osx-x86_64 2.1.2.2 NOTE

Additional issues

clang-UBSAN gcc-UBSAN

Check Details

Version: 2.1.2.2
Check: installed package size
Result: NOTE
     installed size is 38.8Mb
     sub-directories of 1Mb or more:
     libs 37.8Mb
Flavors: r-devel-linux-x86_64-fedora-clang, r-release-osx-x86_64, r-oldrel-osx-x86_64