CRAN Package Check Results for Package Rmixmod

Last updated on 2018-11-18 10:50:13 CET.

Flavor Version Tinstall Tcheck Ttotal Status Flags
r-devel-linux-x86_64-debian-clang 2.1.2 388.18 53.25 441.43 OK
r-devel-linux-x86_64-debian-gcc 2.1.2 341.82 55.48 397.30 OK
r-devel-linux-x86_64-fedora-clang 2.1.2 751.37 NOTE
r-devel-linux-x86_64-fedora-gcc 2.1.2 684.17 OK
r-devel-windows-ix86+x86_64 2.1.2 1147.00 146.00 1293.00 OK
r-patched-linux-x86_64 2.1.2 439.89 67.73 507.62 OK
r-patched-solaris-x86 2.1.2 776.40 OK
r-release-linux-x86_64 2.1.2 443.71 66.06 509.77 OK
r-release-windows-ix86+x86_64 2.1.2 1158.00 145.00 1303.00 OK
r-release-osx-x86_64 2.1.2 OK
r-oldrel-windows-ix86+x86_64 2.1.2 1156.00 157.00 1313.00 OK
r-oldrel-osx-x86_64 2.1.1 NOTE

Additional issues

clang-UBSAN

Check Details

Version: 2.1.2
Check: installed package size
Result: NOTE
     installed size is 5.6Mb
     sub-directories of 1Mb or more:
     libs 4.6Mb
Flavor: r-devel-linux-x86_64-fedora-clang

Version: 2.1.1
Check: installed package size
Result: NOTE
     installed size is 9.5Mb
     sub-directories of 1Mb or more:
     libs 8.7Mb
Flavor: r-oldrel-osx-x86_64

Version: 2.1.1
Check: DESCRIPTION meta-information
Result: NOTE
    BugReports field should be the URL of a single webpage
Flavor: r-oldrel-osx-x86_64