CRAN Package Check Results for Package Rmixmod

Last updated on 2018-08-22 06:47:02 CEST.

Flavor Version Tinstall Tcheck Ttotal Status Flags
r-devel-linux-x86_64-debian-clang 2.1.2 367.93 55.04 422.97 OK
r-devel-linux-x86_64-debian-gcc 2.1.2 350.75 57.63 408.38 OK
r-devel-linux-x86_64-fedora-clang 2.1.2 675.64 NOTE
r-devel-linux-x86_64-fedora-gcc 2.1.2 681.82 OK
r-devel-windows-ix86+x86_64 2.1.2 838.00 109.00 947.00 OK
r-patched-linux-x86_64 2.1.2 440.60 67.61 508.21 OK
r-patched-solaris-x86 2.1.2 746.80 OK
r-release-linux-x86_64 2.1.2 447.45 67.65 515.10 OK
r-release-windows-ix86+x86_64 2.1.2 1137.00 115.00 1252.00 OK
r-release-osx-x86_64 2.1.2 OK
r-oldrel-windows-ix86+x86_64 2.1.2 811.00 140.00 951.00 OK
r-oldrel-osx-x86_64 2.1.1 NOTE

Additional issues

clang-UBSAN

Check Details

Version: 2.1.2
Check: installed package size
Result: NOTE
     installed size is 5.5Mb
     sub-directories of 1Mb or more:
     libs 4.6Mb
Flavor: r-devel-linux-x86_64-fedora-clang

Version: 2.1.1
Check: installed package size
Result: NOTE
     installed size is 9.5Mb
     sub-directories of 1Mb or more:
     libs 8.7Mb
Flavor: r-oldrel-osx-x86_64

Version: 2.1.1
Check: DESCRIPTION meta-information
Result: NOTE
    BugReports field should be the URL of a single webpage
Flavor: r-oldrel-osx-x86_64