CRAN Package Check Results for Package Rmixmod

Last updated on 2018-05-21 00:50:17 CEST.

Flavor Version Tinstall Tcheck Ttotal Status Flags
r-devel-linux-x86_64-debian-clang 2.1.1 258.05 53.25 311.30 NOTE
r-devel-linux-x86_64-debian-gcc 2.1.1 216.85 47.51 264.36 WARN
r-devel-linux-x86_64-fedora-clang 2.1.1 506.08 NOTE
r-devel-linux-x86_64-fedora-gcc 2.1.1 447.76 WARN
r-devel-windows-ix86+x86_64 2.1.1 710.00 144.00 854.00 NOTE
r-patched-linux-x86_64 2.1.1 283.12 58.63 341.75 WARN
r-patched-solaris-x86 2.1.1 451.60 NOTE
r-release-linux-x86_64 2.1.1 292.41 57.98 350.39 WARN
r-release-windows-ix86+x86_64 2.1.1 512.00 141.00 653.00 NOTE
r-release-osx-x86_64 2.1.1 NOTE
r-oldrel-windows-ix86+x86_64 2.1.1 500.00 140.00 640.00 NOTE
r-oldrel-osx-x86_64 2.1.1 NOTE

Check Details

Version: 2.1.1
Check: DESCRIPTION meta-information
Result: NOTE
    BugReports field should be the URL of a single webpage
Flavors: r-devel-linux-x86_64-debian-clang, r-devel-linux-x86_64-debian-gcc, r-devel-linux-x86_64-fedora-clang, r-devel-linux-x86_64-fedora-gcc, r-devel-windows-ix86+x86_64, r-patched-linux-x86_64, r-patched-solaris-x86, r-release-linux-x86_64, r-release-windows-ix86+x86_64, r-release-osx-x86_64, r-oldrel-windows-ix86+x86_64, r-oldrel-osx-x86_64

Version: 2.1.1
Check: compiled code
Result: NOTE
    File ‘Rmixmod/libs/Rmixmod.so’:
     Found no calls to: ‘R_registerRoutines’, ‘R_useDynamicSymbols’
    
    It is good practice to register native routines and to disable symbol
    search.
    
    See ‘Writing portable packages’ in the ‘Writing R Extensions’ manual.
Flavors: r-devel-linux-x86_64-debian-clang, r-devel-linux-x86_64-debian-gcc, r-devel-linux-x86_64-fedora-clang, r-devel-linux-x86_64-fedora-gcc, r-patched-linux-x86_64, r-release-linux-x86_64

Version: 2.1.1
Check: whether package can be installed
Result: WARN
    Found the following significant warnings:
     newmat5.cpp:525:69: warning: throw will always call terminate() [-Wterminate]
Flavors: r-devel-linux-x86_64-debian-gcc, r-devel-linux-x86_64-fedora-gcc, r-patched-linux-x86_64, r-release-linux-x86_64

Version: 2.1.1
Check: installed package size
Result: NOTE
     installed size is 12.4Mb
     sub-directories of 1Mb or more:
     libs 11.5Mb
Flavors: r-devel-linux-x86_64-fedora-clang, r-devel-linux-x86_64-fedora-gcc, r-release-osx-x86_64, r-oldrel-osx-x86_64